{"id":117,"date":"2019-05-02T10:45:14","date_gmt":"2019-05-02T10:45:14","guid":{"rendered":"http:\/\/127.0.0.1:10080\/wordpress\/?page_id=117"},"modified":"2021-07-29T13:49:02","modified_gmt":"2021-07-29T11:49:02","slug":"a-propos","status":"publish","type":"page","link":"https:\/\/www.elpasodanse.be\/wordpress\/a-propos\/","title":{"rendered":"A propos"},"content":{"rendered":"\n<p>Ecole de Danse El Paso ASBL   <br><br><strong>Si\u00e8ge social : <\/strong><br>Rue du Tige, 12 <br>4920   Aywaille  <br>T\u00e9l : 0479\/786560   <br><br><strong>Coordonn\u00e9es bancaires : <\/strong><br>IBAN : BE91 7775 9104 0476 <br>BIC : GKCCBEBB<\/p>\n\n\n\n<div class='eo-venue-map googlemap' id='eo_venue_map-1' style='height:200px;width:100%;' ><\/div>\n\n\n\n<p><\/p>\n\n\n\n<p><strong>Salle de cours : <\/strong><br>Centre R\u00e9cr\u00e9atif de Remouchamps<br>Rue Marsale, 10<br>4920 Aywaille<\/p>\n\n\n\n<div class='eo-venue-map googlemap' id='eo_venue_map-2' style='height:200px;width:100%;' ><\/div>\n","protected":false},"excerpt":{"rendered":"<p>Ecole de Danse El Paso ASBL Si\u00e8ge social : Rue du Tige, 12 4920 Aywaille T\u00e9l : 0479\/786560 Coordonn\u00e9es bancaires : IBAN : BE91 7775 9104 0476 BIC : GKCCBEBB Salle de cours : Centre R\u00e9cr\u00e9atif de RemouchampsRue Marsale, 104920 Aywaille<\/p>\n","protected":false},"author":1,"featured_media":0,"parent":0,"menu_order":0,"comment_status":"closed","ping_status":"closed","template":"","meta":{"footnotes":""},"class_list":["post-117","page","type-page","status-publish","hentry"],"yoast_head":"<!-- This site is optimized with the Yoast SEO plugin v27.1.1 - https:\/\/yoast.com\/product\/yoast-seo-wordpress\/ -->\n<title>A propos - El Paso<\/title>\n<meta name=\"robots\" content=\"index, follow, max-snippet:-1, max-image-preview:large, max-video-preview:-1\" \/>\n<link rel=\"canonical\" href=\"https:\/\/www.elpasodanse.be\/wordpress\/a-propos\/\" \/>\n<meta property=\"og:locale\" content=\"fr_FR\" \/>\n<meta property=\"og:type\" content=\"article\" \/>\n<meta property=\"og:title\" content=\"A propos - El Paso\" \/>\n<meta property=\"og:description\" content=\"Ecole de Danse El Paso ASBL Si\u00e8ge social : Rue du Tige, 12 4920 Aywaille T\u00e9l : 0479\/786560 Coordonn\u00e9es bancaires : IBAN : BE91 7775 9104 0476 BIC : GKCCBEBB Salle de cours : Centre R\u00e9cr\u00e9atif de RemouchampsRue Marsale, 104920 Aywaille\" \/>\n<meta property=\"og:url\" content=\"https:\/\/www.elpasodanse.be\/wordpress\/a-propos\/\" \/>\n<meta property=\"og:site_name\" content=\"El Paso\" \/>\n<meta property=\"article:modified_time\" content=\"2021-07-29T11:49:02+00:00\" \/>\n<meta name=\"twitter:card\" content=\"summary_large_image\" \/>\n<meta name=\"twitter:label1\" content=\"Dur\u00e9e de lecture estim\u00e9e\" \/>\n\t<meta name=\"twitter:data1\" content=\"1 minute\" \/>\n<script type=\"application\/ld+json\" class=\"yoast-schema-graph\">{\"@context\":\"https:\/\/schema.org\",\"@graph\":[{\"@type\":\"WebPage\",\"@id\":\"https:\/\/www.elpasodanse.be\/wordpress\/a-propos\/\",\"url\":\"https:\/\/www.elpasodanse.be\/wordpress\/a-propos\/\",\"name\":\"A propos - El Paso\",\"isPartOf\":{\"@id\":\"https:\/\/www.elpasodanse.be\/wordpress\/#website\"},\"datePublished\":\"2019-05-02T10:45:14+00:00\",\"dateModified\":\"2021-07-29T11:49:02+00:00\",\"breadcrumb\":{\"@id\":\"https:\/\/www.elpasodanse.be\/wordpress\/a-propos\/#breadcrumb\"},\"inLanguage\":\"fr-FR\",\"potentialAction\":[{\"@type\":\"ReadAction\",\"target\":[\"https:\/\/www.elpasodanse.be\/wordpress\/a-propos\/\"]}]},{\"@type\":\"BreadcrumbList\",\"@id\":\"https:\/\/www.elpasodanse.be\/wordpress\/a-propos\/#breadcrumb\",\"itemListElement\":[{\"@type\":\"ListItem\",\"position\":1,\"name\":\"Accueil\",\"item\":\"https:\/\/www.elpasodanse.be\/wordpress\/\"},{\"@type\":\"ListItem\",\"position\":2,\"name\":\"A propos\"}]},{\"@type\":\"WebSite\",\"@id\":\"https:\/\/www.elpasodanse.be\/wordpress\/#website\",\"url\":\"https:\/\/www.elpasodanse.be\/wordpress\/\",\"name\":\"El Paso\",\"description\":\"Ecole de danse\",\"publisher\":{\"@id\":\"https:\/\/www.elpasodanse.be\/wordpress\/#organization\"},\"potentialAction\":[{\"@type\":\"SearchAction\",\"target\":{\"@type\":\"EntryPoint\",\"urlTemplate\":\"https:\/\/www.elpasodanse.be\/wordpress\/?s={search_term_string}\"},\"query-input\":{\"@type\":\"PropertyValueSpecification\",\"valueRequired\":true,\"valueName\":\"search_term_string\"}}],\"inLanguage\":\"fr-FR\"},{\"@type\":\"Organization\",\"@id\":\"https:\/\/www.elpasodanse.be\/wordpress\/#organization\",\"name\":\"El Paso\",\"url\":\"https:\/\/www.elpasodanse.be\/wordpress\/\",\"logo\":{\"@type\":\"ImageObject\",\"inLanguage\":\"fr-FR\",\"@id\":\"https:\/\/www.elpasodanse.be\/wordpress\/#\/schema\/logo\/image\/\",\"url\":\"https:\/\/www.elpasodanse.be\/wordpress\/wp-content\/uploads\/2019\/04\/cropped-logosite2.png\",\"contentUrl\":\"https:\/\/www.elpasodanse.be\/wordpress\/wp-content\/uploads\/2019\/04\/cropped-logosite2.png\",\"width\":180,\"height\":250,\"caption\":\"El Paso\"},\"image\":{\"@id\":\"https:\/\/www.elpasodanse.be\/wordpress\/#\/schema\/logo\/image\/\"}}]}<\/script>\n<!-- \/ Yoast SEO plugin. -->","yoast_head_json":{"title":"A propos - El Paso","robots":{"index":"index","follow":"follow","max-snippet":"max-snippet:-1","max-image-preview":"max-image-preview:large","max-video-preview":"max-video-preview:-1"},"canonical":"https:\/\/www.elpasodanse.be\/wordpress\/a-propos\/","og_locale":"fr_FR","og_type":"article","og_title":"A propos - El Paso","og_description":"Ecole de Danse El Paso ASBL Si\u00e8ge social : Rue du Tige, 12 4920 Aywaille T\u00e9l : 0479\/786560 Coordonn\u00e9es bancaires : IBAN : BE91 7775 9104 0476 BIC : GKCCBEBB Salle de cours : Centre R\u00e9cr\u00e9atif de RemouchampsRue Marsale, 104920 Aywaille","og_url":"https:\/\/www.elpasodanse.be\/wordpress\/a-propos\/","og_site_name":"El Paso","article_modified_time":"2021-07-29T11:49:02+00:00","twitter_card":"summary_large_image","twitter_misc":{"Dur\u00e9e de lecture estim\u00e9e":"1 minute"},"schema":{"@context":"https:\/\/schema.org","@graph":[{"@type":"WebPage","@id":"https:\/\/www.elpasodanse.be\/wordpress\/a-propos\/","url":"https:\/\/www.elpasodanse.be\/wordpress\/a-propos\/","name":"A propos - El Paso","isPartOf":{"@id":"https:\/\/www.elpasodanse.be\/wordpress\/#website"},"datePublished":"2019-05-02T10:45:14+00:00","dateModified":"2021-07-29T11:49:02+00:00","breadcrumb":{"@id":"https:\/\/www.elpasodanse.be\/wordpress\/a-propos\/#breadcrumb"},"inLanguage":"fr-FR","potentialAction":[{"@type":"ReadAction","target":["https:\/\/www.elpasodanse.be\/wordpress\/a-propos\/"]}]},{"@type":"BreadcrumbList","@id":"https:\/\/www.elpasodanse.be\/wordpress\/a-propos\/#breadcrumb","itemListElement":[{"@type":"ListItem","position":1,"name":"Accueil","item":"https:\/\/www.elpasodanse.be\/wordpress\/"},{"@type":"ListItem","position":2,"name":"A propos"}]},{"@type":"WebSite","@id":"https:\/\/www.elpasodanse.be\/wordpress\/#website","url":"https:\/\/www.elpasodanse.be\/wordpress\/","name":"El Paso","description":"Ecole de danse","publisher":{"@id":"https:\/\/www.elpasodanse.be\/wordpress\/#organization"},"potentialAction":[{"@type":"SearchAction","target":{"@type":"EntryPoint","urlTemplate":"https:\/\/www.elpasodanse.be\/wordpress\/?s={search_term_string}"},"query-input":{"@type":"PropertyValueSpecification","valueRequired":true,"valueName":"search_term_string"}}],"inLanguage":"fr-FR"},{"@type":"Organization","@id":"https:\/\/www.elpasodanse.be\/wordpress\/#organization","name":"El Paso","url":"https:\/\/www.elpasodanse.be\/wordpress\/","logo":{"@type":"ImageObject","inLanguage":"fr-FR","@id":"https:\/\/www.elpasodanse.be\/wordpress\/#\/schema\/logo\/image\/","url":"https:\/\/www.elpasodanse.be\/wordpress\/wp-content\/uploads\/2019\/04\/cropped-logosite2.png","contentUrl":"https:\/\/www.elpasodanse.be\/wordpress\/wp-content\/uploads\/2019\/04\/cropped-logosite2.png","width":180,"height":250,"caption":"El Paso"},"image":{"@id":"https:\/\/www.elpasodanse.be\/wordpress\/#\/schema\/logo\/image\/"}}]}},"_links":{"self":[{"href":"https:\/\/www.elpasodanse.be\/wordpress\/wp-json\/wp\/v2\/pages\/117","targetHints":{"allow":["GET"]}}],"collection":[{"href":"https:\/\/www.elpasodanse.be\/wordpress\/wp-json\/wp\/v2\/pages"}],"about":[{"href":"https:\/\/www.elpasodanse.be\/wordpress\/wp-json\/wp\/v2\/types\/page"}],"author":[{"embeddable":true,"href":"https:\/\/www.elpasodanse.be\/wordpress\/wp-json\/wp\/v2\/users\/1"}],"replies":[{"embeddable":true,"href":"https:\/\/www.elpasodanse.be\/wordpress\/wp-json\/wp\/v2\/comments?post=117"}],"version-history":[{"count":12,"href":"https:\/\/www.elpasodanse.be\/wordpress\/wp-json\/wp\/v2\/pages\/117\/revisions"}],"predecessor-version":[{"id":884,"href":"https:\/\/www.elpasodanse.be\/wordpress\/wp-json\/wp\/v2\/pages\/117\/revisions\/884"}],"wp:attachment":[{"href":"https:\/\/www.elpasodanse.be\/wordpress\/wp-json\/wp\/v2\/media?parent=117"}],"curies":[{"name":"wp","href":"https:\/\/api.w.org\/{rel}","templated":true}]}}