{"id":373,"date":"2019-05-30T08:47:24","date_gmt":"2019-05-30T06:47:24","guid":{"rendered":"https:\/\/www.elpasodanse.be\/wordpress\/?page_id=373"},"modified":"2019-05-30T08:49:16","modified_gmt":"2019-05-30T06:49:16","slug":"valse-viennoise","status":"publish","type":"page","link":"https:\/\/www.elpasodanse.be\/wordpress\/valse-viennoise\/","title":{"rendered":"Valse viennoise"},"content":{"rendered":"\n<figure class=\"wp-block-image\"><img loading=\"lazy\" decoding=\"async\" width=\"129\" height=\"77\" src=\"https:\/\/www.elpasodanse.be\/wordpress\/wp-content\/uploads\/2019\/05\/valse-viennoise.jpg\" alt=\"\" class=\"wp-image-375\"\/><\/figure>\n\n\n\n<p>Depuis 1882, deux nations se disputent le titre de patrie d&rsquo;origine de la valse : la France et l&rsquo;Allemagne.<\/p>\n\n\n\n<p>Au XVe si\u00e8cle, il y avait en Provence une danse vive, tournante, ex\u00e9cut\u00e9e en couples et agr\u00e9ment\u00e9e de sauts qui s&rsquo;appelait la \u00ab Volta \u00bb.<\/p>\n\n\n\n<p>Si la vogue de la Volta tombe en France suite \u00e0 une interdiction, la danse, qui avait pass\u00e9 les fronti\u00e8res, \u00e9volue en Allemagne, les sauts et les jet\u00e9s de jambe sont supprim\u00e9s et elle devient ainsi \u00ab l&rsquo;Allemande \u00bb.<\/p>\n\n\n\n<p>La valse, sous sa forme actuelle s&rsquo;est fait r\u00e9ellement conna\u00eetre \u00e0 la fin du XVIIIe si\u00e8cle. Durant le Congr\u00e8s de Vienne, les cours d&rsquo;Europe (Empire d&rsquo;Autriche, France, Royaume-Uni, Prusse, Russie et Vatican) dansent ensemble cette valse lors de bals gigantesques.<\/p>\n\n\n\n<p>Johann Strauss fils am\u00e8ne la valse \u00e0 son apog\u00e9e.<\/p>\n\n\n\n<p>Compositeur autrichien, avec son orchestre, il fait le tour des principales villes d&rsquo;Europe et donne \u00e0 la \u00ab Valse Viennoise \u00bb ses lettres de noblesse.<\/p>\n","protected":false},"excerpt":{"rendered":"<p>Depuis 1882, deux nations se disputent le titre de patrie d&rsquo;origine de la valse : la France et l&rsquo;Allemagne. Au XVe si\u00e8cle, il y avait en Provence une danse vive, tournante, ex\u00e9cut\u00e9e en couples et agr\u00e9ment\u00e9e de sauts qui s&rsquo;appelait la \u00ab Volta \u00bb. Si la vogue de la Volta tombe en France suite \u00e0 &hellip; <\/p>\n<p class=\"link-more\"><a href=\"https:\/\/www.elpasodanse.be\/wordpress\/valse-viennoise\/\" class=\"more-link\">Continuer la lecture<span class=\"screen-reader-text\"> de &laquo;&nbsp;Valse viennoise&nbsp;&raquo;<\/span><\/a><\/p>\n","protected":false},"author":1,"featured_media":0,"parent":0,"menu_order":0,"comment_status":"closed","ping_status":"closed","template":"","meta":{"footnotes":""},"class_list":["post-373","page","type-page","status-publish","hentry"],"yoast_head":"<!-- This site is optimized with the Yoast SEO plugin v27.1.1 - https:\/\/yoast.com\/product\/yoast-seo-wordpress\/ -->\n<title>Valse viennoise - El Paso<\/title>\n<meta name=\"robots\" content=\"index, follow, max-snippet:-1, max-image-preview:large, max-video-preview:-1\" \/>\n<link rel=\"canonical\" href=\"https:\/\/www.elpasodanse.be\/wordpress\/valse-viennoise\/\" \/>\n<meta property=\"og:locale\" content=\"fr_FR\" \/>\n<meta property=\"og:type\" content=\"article\" \/>\n<meta property=\"og:title\" content=\"Valse viennoise - El Paso\" \/>\n<meta property=\"og:description\" content=\"Depuis 1882, deux nations se disputent le titre de patrie d&rsquo;origine de la valse : la France et l&rsquo;Allemagne. Au XVe si\u00e8cle, il y avait en Provence une danse vive, tournante, ex\u00e9cut\u00e9e en couples et agr\u00e9ment\u00e9e de sauts qui s&rsquo;appelait la \u00ab Volta \u00bb. Si la vogue de la Volta tombe en France suite \u00e0 &hellip; Continuer la lecture de &laquo;&nbsp;Valse viennoise&nbsp;&raquo;\" \/>\n<meta property=\"og:url\" content=\"https:\/\/www.elpasodanse.be\/wordpress\/valse-viennoise\/\" \/>\n<meta property=\"og:site_name\" content=\"El Paso\" \/>\n<meta property=\"article:modified_time\" content=\"2019-05-30T06:49:16+00:00\" \/>\n<meta property=\"og:image\" content=\"https:\/\/www.elpasodanse.be\/wordpress\/wp-content\/uploads\/2019\/05\/valse-viennoise.jpg\" \/>\n<meta name=\"twitter:card\" content=\"summary_large_image\" \/>\n<meta name=\"twitter:label1\" content=\"Dur\u00e9e de lecture estim\u00e9e\" \/>\n\t<meta name=\"twitter:data1\" content=\"1 minute\" \/>\n<script type=\"application\/ld+json\" class=\"yoast-schema-graph\">{\"@context\":\"https:\/\/schema.org\",\"@graph\":[{\"@type\":\"WebPage\",\"@id\":\"https:\/\/www.elpasodanse.be\/wordpress\/valse-viennoise\/\",\"url\":\"https:\/\/www.elpasodanse.be\/wordpress\/valse-viennoise\/\",\"name\":\"Valse viennoise - El Paso\",\"isPartOf\":{\"@id\":\"https:\/\/www.elpasodanse.be\/wordpress\/#website\"},\"primaryImageOfPage\":{\"@id\":\"https:\/\/www.elpasodanse.be\/wordpress\/valse-viennoise\/#primaryimage\"},\"image\":{\"@id\":\"https:\/\/www.elpasodanse.be\/wordpress\/valse-viennoise\/#primaryimage\"},\"thumbnailUrl\":\"https:\/\/www.elpasodanse.be\/wordpress\/wp-content\/uploads\/2019\/05\/valse-viennoise.jpg\",\"datePublished\":\"2019-05-30T06:47:24+00:00\",\"dateModified\":\"2019-05-30T06:49:16+00:00\",\"breadcrumb\":{\"@id\":\"https:\/\/www.elpasodanse.be\/wordpress\/valse-viennoise\/#breadcrumb\"},\"inLanguage\":\"fr-FR\",\"potentialAction\":[{\"@type\":\"ReadAction\",\"target\":[\"https:\/\/www.elpasodanse.be\/wordpress\/valse-viennoise\/\"]}]},{\"@type\":\"ImageObject\",\"inLanguage\":\"fr-FR\",\"@id\":\"https:\/\/www.elpasodanse.be\/wordpress\/valse-viennoise\/#primaryimage\",\"url\":\"https:\/\/www.elpasodanse.be\/wordpress\/wp-content\/uploads\/2019\/05\/valse-viennoise.jpg\",\"contentUrl\":\"https:\/\/www.elpasodanse.be\/wordpress\/wp-content\/uploads\/2019\/05\/valse-viennoise.jpg\",\"width\":129,\"height\":77},{\"@type\":\"BreadcrumbList\",\"@id\":\"https:\/\/www.elpasodanse.be\/wordpress\/valse-viennoise\/#breadcrumb\",\"itemListElement\":[{\"@type\":\"ListItem\",\"position\":1,\"name\":\"Accueil\",\"item\":\"https:\/\/www.elpasodanse.be\/wordpress\/\"},{\"@type\":\"ListItem\",\"position\":2,\"name\":\"Valse viennoise\"}]},{\"@type\":\"WebSite\",\"@id\":\"https:\/\/www.elpasodanse.be\/wordpress\/#website\",\"url\":\"https:\/\/www.elpasodanse.be\/wordpress\/\",\"name\":\"El Paso\",\"description\":\"Ecole de danse\",\"publisher\":{\"@id\":\"https:\/\/www.elpasodanse.be\/wordpress\/#organization\"},\"potentialAction\":[{\"@type\":\"SearchAction\",\"target\":{\"@type\":\"EntryPoint\",\"urlTemplate\":\"https:\/\/www.elpasodanse.be\/wordpress\/?s={search_term_string}\"},\"query-input\":{\"@type\":\"PropertyValueSpecification\",\"valueRequired\":true,\"valueName\":\"search_term_string\"}}],\"inLanguage\":\"fr-FR\"},{\"@type\":\"Organization\",\"@id\":\"https:\/\/www.elpasodanse.be\/wordpress\/#organization\",\"name\":\"El Paso\",\"url\":\"https:\/\/www.elpasodanse.be\/wordpress\/\",\"logo\":{\"@type\":\"ImageObject\",\"inLanguage\":\"fr-FR\",\"@id\":\"https:\/\/www.elpasodanse.be\/wordpress\/#\/schema\/logo\/image\/\",\"url\":\"https:\/\/www.elpasodanse.be\/wordpress\/wp-content\/uploads\/2019\/04\/cropped-logosite2.png\",\"contentUrl\":\"https:\/\/www.elpasodanse.be\/wordpress\/wp-content\/uploads\/2019\/04\/cropped-logosite2.png\",\"width\":180,\"height\":250,\"caption\":\"El Paso\"},\"image\":{\"@id\":\"https:\/\/www.elpasodanse.be\/wordpress\/#\/schema\/logo\/image\/\"}}]}<\/script>\n<!-- \/ Yoast SEO plugin. -->","yoast_head_json":{"title":"Valse viennoise - El Paso","robots":{"index":"index","follow":"follow","max-snippet":"max-snippet:-1","max-image-preview":"max-image-preview:large","max-video-preview":"max-video-preview:-1"},"canonical":"https:\/\/www.elpasodanse.be\/wordpress\/valse-viennoise\/","og_locale":"fr_FR","og_type":"article","og_title":"Valse viennoise - El Paso","og_description":"Depuis 1882, deux nations se disputent le titre de patrie d&rsquo;origine de la valse : la France et l&rsquo;Allemagne. Au XVe si\u00e8cle, il y avait en Provence une danse vive, tournante, ex\u00e9cut\u00e9e en couples et agr\u00e9ment\u00e9e de sauts qui s&rsquo;appelait la \u00ab Volta \u00bb. Si la vogue de la Volta tombe en France suite \u00e0 &hellip; Continuer la lecture de &laquo;&nbsp;Valse viennoise&nbsp;&raquo;","og_url":"https:\/\/www.elpasodanse.be\/wordpress\/valse-viennoise\/","og_site_name":"El Paso","article_modified_time":"2019-05-30T06:49:16+00:00","og_image":[{"url":"https:\/\/www.elpasodanse.be\/wordpress\/wp-content\/uploads\/2019\/05\/valse-viennoise.jpg","type":"","width":"","height":""}],"twitter_card":"summary_large_image","twitter_misc":{"Dur\u00e9e de lecture estim\u00e9e":"1 minute"},"schema":{"@context":"https:\/\/schema.org","@graph":[{"@type":"WebPage","@id":"https:\/\/www.elpasodanse.be\/wordpress\/valse-viennoise\/","url":"https:\/\/www.elpasodanse.be\/wordpress\/valse-viennoise\/","name":"Valse viennoise - El Paso","isPartOf":{"@id":"https:\/\/www.elpasodanse.be\/wordpress\/#website"},"primaryImageOfPage":{"@id":"https:\/\/www.elpasodanse.be\/wordpress\/valse-viennoise\/#primaryimage"},"image":{"@id":"https:\/\/www.elpasodanse.be\/wordpress\/valse-viennoise\/#primaryimage"},"thumbnailUrl":"https:\/\/www.elpasodanse.be\/wordpress\/wp-content\/uploads\/2019\/05\/valse-viennoise.jpg","datePublished":"2019-05-30T06:47:24+00:00","dateModified":"2019-05-30T06:49:16+00:00","breadcrumb":{"@id":"https:\/\/www.elpasodanse.be\/wordpress\/valse-viennoise\/#breadcrumb"},"inLanguage":"fr-FR","potentialAction":[{"@type":"ReadAction","target":["https:\/\/www.elpasodanse.be\/wordpress\/valse-viennoise\/"]}]},{"@type":"ImageObject","inLanguage":"fr-FR","@id":"https:\/\/www.elpasodanse.be\/wordpress\/valse-viennoise\/#primaryimage","url":"https:\/\/www.elpasodanse.be\/wordpress\/wp-content\/uploads\/2019\/05\/valse-viennoise.jpg","contentUrl":"https:\/\/www.elpasodanse.be\/wordpress\/wp-content\/uploads\/2019\/05\/valse-viennoise.jpg","width":129,"height":77},{"@type":"BreadcrumbList","@id":"https:\/\/www.elpasodanse.be\/wordpress\/valse-viennoise\/#breadcrumb","itemListElement":[{"@type":"ListItem","position":1,"name":"Accueil","item":"https:\/\/www.elpasodanse.be\/wordpress\/"},{"@type":"ListItem","position":2,"name":"Valse viennoise"}]},{"@type":"WebSite","@id":"https:\/\/www.elpasodanse.be\/wordpress\/#website","url":"https:\/\/www.elpasodanse.be\/wordpress\/","name":"El Paso","description":"Ecole de danse","publisher":{"@id":"https:\/\/www.elpasodanse.be\/wordpress\/#organization"},"potentialAction":[{"@type":"SearchAction","target":{"@type":"EntryPoint","urlTemplate":"https:\/\/www.elpasodanse.be\/wordpress\/?s={search_term_string}"},"query-input":{"@type":"PropertyValueSpecification","valueRequired":true,"valueName":"search_term_string"}}],"inLanguage":"fr-FR"},{"@type":"Organization","@id":"https:\/\/www.elpasodanse.be\/wordpress\/#organization","name":"El Paso","url":"https:\/\/www.elpasodanse.be\/wordpress\/","logo":{"@type":"ImageObject","inLanguage":"fr-FR","@id":"https:\/\/www.elpasodanse.be\/wordpress\/#\/schema\/logo\/image\/","url":"https:\/\/www.elpasodanse.be\/wordpress\/wp-content\/uploads\/2019\/04\/cropped-logosite2.png","contentUrl":"https:\/\/www.elpasodanse.be\/wordpress\/wp-content\/uploads\/2019\/04\/cropped-logosite2.png","width":180,"height":250,"caption":"El Paso"},"image":{"@id":"https:\/\/www.elpasodanse.be\/wordpress\/#\/schema\/logo\/image\/"}}]}},"_links":{"self":[{"href":"https:\/\/www.elpasodanse.be\/wordpress\/wp-json\/wp\/v2\/pages\/373","targetHints":{"allow":["GET"]}}],"collection":[{"href":"https:\/\/www.elpasodanse.be\/wordpress\/wp-json\/wp\/v2\/pages"}],"about":[{"href":"https:\/\/www.elpasodanse.be\/wordpress\/wp-json\/wp\/v2\/types\/page"}],"author":[{"embeddable":true,"href":"https:\/\/www.elpasodanse.be\/wordpress\/wp-json\/wp\/v2\/users\/1"}],"replies":[{"embeddable":true,"href":"https:\/\/www.elpasodanse.be\/wordpress\/wp-json\/wp\/v2\/comments?post=373"}],"version-history":[{"count":2,"href":"https:\/\/www.elpasodanse.be\/wordpress\/wp-json\/wp\/v2\/pages\/373\/revisions"}],"predecessor-version":[{"id":376,"href":"https:\/\/www.elpasodanse.be\/wordpress\/wp-json\/wp\/v2\/pages\/373\/revisions\/376"}],"wp:attachment":[{"href":"https:\/\/www.elpasodanse.be\/wordpress\/wp-json\/wp\/v2\/media?parent=373"}],"curies":[{"name":"wp","href":"https:\/\/api.w.org\/{rel}","templated":true}]}}

<figure class="wp-block-image"><img loading="lazy" decoding="async" width="129" height="77" src="https://www.elpasodanse.be/wordpress/wp-content/uploads/2019/05/valse-viennoise.jpg" alt="" class="wp-image-375"/></figure>



<p>Depuis 1882, deux nations se disputent le titre de patrie d&rsquo;origine de la valse : la France et l&rsquo;Allemagne.</p>



<p>Au XVe siècle, il y avait en Provence une danse vive, tournante, exécutée en couples et agrémentée de sauts qui s&rsquo;appelait la « Volta ».</p>



<p>Si la vogue de la Volta tombe en France suite à une interdiction, la danse, qui avait passé les frontières, évolue en Allemagne, les sauts et les jetés de jambe sont supprimés et elle devient ainsi « l&rsquo;Allemande ».</p>



<p>La valse, sous sa forme actuelle s&rsquo;est fait réellement connaître à la fin du XVIIIe siècle. Durant le Congrès de Vienne, les cours d&rsquo;Europe (Empire d&rsquo;Autriche, France, Royaume-Uni, Prusse, Russie et Vatican) dansent ensemble cette valse lors de bals gigantesques.</p>



<p>Johann Strauss fils amène la valse à son apogée.</p>



<p>Compositeur autrichien, avec son orchestre, il fait le tour des principales villes d&rsquo;Europe et donne à la « Valse Viennoise » ses lettres de noblesse.</p>

<p>Depuis 1882, deux nations se disputent le titre de patrie d&rsquo;origine de la valse : la France et l&rsquo;Allemagne. Au XVe siècle, il y avait en Provence une danse vive, tournante, exécutée en couples et agrémentée de sauts qui s&rsquo;appelait la « Volta ». Si la vogue de la Volta tombe en France suite à &hellip; </p>
<p class="link-more"><a href="https://www.elpasodanse.be/wordpress/valse-viennoise/" class="more-link">Continuer la lecture<span class="screen-reader-text"> de &laquo;&nbsp;Valse viennoise&nbsp;&raquo;</span></a></p>

<!-- This site is optimized with the Yoast SEO plugin v27.1.1 - https://yoast.com/product/yoast-seo-wordpress/ -->
<title>Valse viennoise - El Paso</title>
<meta name="robots" content="index, follow, max-snippet:-1, max-image-preview:large, max-video-preview:-1" />
<link rel="canonical" href="https://www.elpasodanse.be/wordpress/valse-viennoise/" />
<meta property="og:locale" content="fr_FR" />
<meta property="og:type" content="article" />
<meta property="og:title" content="Valse viennoise - El Paso" />
<meta property="og:description" content="Depuis 1882, deux nations se disputent le titre de patrie d&rsquo;origine de la valse : la France et l&rsquo;Allemagne. Au XVe siècle, il y avait en Provence une danse vive, tournante, exécutée en couples et agrémentée de sauts qui s&rsquo;appelait la « Volta ». Si la vogue de la Volta tombe en France suite à &hellip; Continuer la lecture de &laquo;&nbsp;Valse viennoise&nbsp;&raquo;" />
<meta property="og:url" content="https://www.elpasodanse.be/wordpress/valse-viennoise/" />
<meta property="og:site_name" content="El Paso" />
<meta property="article:modified_time" content="2019-05-30T06:49:16+00:00" />
<meta property="og:image" content="https://www.elpasodanse.be/wordpress/wp-content/uploads/2019/05/valse-viennoise.jpg" />
<meta name="twitter:card" content="summary_large_image" />
<meta name="twitter:label1" content="Durée de lecture estimée" />
	<meta name="twitter:data1" content="1 minute" />
<script type="application/ld+json" class="yoast-schema-graph">{"@context":"https://schema.org","@graph":[{"@type":"WebPage","@id":"https://www.elpasodanse.be/wordpress/valse-viennoise/","url":"https://www.elpasodanse.be/wordpress/valse-viennoise/","name":"Valse viennoise - El Paso","isPartOf":{"@id":"https://www.elpasodanse.be/wordpress/#website"},"primaryImageOfPage":{"@id":"https://www.elpasodanse.be/wordpress/valse-viennoise/#primaryimage"},"image":{"@id":"https://www.elpasodanse.be/wordpress/valse-viennoise/#primaryimage"},"thumbnailUrl":"https://www.elpasodanse.be/wordpress/wp-content/uploads/2019/05/valse-viennoise.jpg","datePublished":"2019-05-30T06:47:24+00:00","dateModified":"2019-05-30T06:49:16+00:00","breadcrumb":{"@id":"https://www.elpasodanse.be/wordpress/valse-viennoise/#breadcrumb"},"inLanguage":"fr-FR","potentialAction":[{"@type":"ReadAction","target":["https://www.elpasodanse.be/wordpress/valse-viennoise/"]}]},{"@type":"ImageObject","inLanguage":"fr-FR","@id":"https://www.elpasodanse.be/wordpress/valse-viennoise/#primaryimage","url":"https://www.elpasodanse.be/wordpress/wp-content/uploads/2019/05/valse-viennoise.jpg","contentUrl":"https://www.elpasodanse.be/wordpress/wp-content/uploads/2019/05/valse-viennoise.jpg","width":129,"height":77},{"@type":"BreadcrumbList","@id":"https://www.elpasodanse.be/wordpress/valse-viennoise/#breadcrumb","itemListElement":[{"@type":"ListItem","position":1,"name":"Accueil","item":"https://www.elpasodanse.be/wordpress/"},{"@type":"ListItem","position":2,"name":"Valse viennoise"}]},{"@type":"WebSite","@id":"https://www.elpasodanse.be/wordpress/#website","url":"https://www.elpasodanse.be/wordpress/","name":"El Paso","description":"Ecole de danse","publisher":{"@id":"https://www.elpasodanse.be/wordpress/#organization"},"potentialAction":[{"@type":"SearchAction","target":{"@type":"EntryPoint","urlTemplate":"https://www.elpasodanse.be/wordpress/?s={search_term_string}"},"query-input":{"@type":"PropertyValueSpecification","valueRequired":true,"valueName":"search_term_string"}}],"inLanguage":"fr-FR"},{"@type":"Organization","@id":"https://www.elpasodanse.be/wordpress/#organization","name":"El Paso","url":"https://www.elpasodanse.be/wordpress/","logo":{"@type":"ImageObject","inLanguage":"fr-FR","@id":"https://www.elpasodanse.be/wordpress/#/schema/logo/image/","url":"https://www.elpasodanse.be/wordpress/wp-content/uploads/2019/04/cropped-logosite2.png","contentUrl":"https://www.elpasodanse.be/wordpress/wp-content/uploads/2019/04/cropped-logosite2.png","width":180,"height":250,"caption":"El Paso"},"image":{"@id":"https://www.elpasodanse.be/wordpress/#/schema/logo/image/"}}]}</script>
<!-- / Yoast SEO plugin. -->

Depuis 1882, deux nations se disputent le titre de patrie d&rsquo;origine de la valse : la France et l&rsquo;Allemagne. Au XVe siècle, il y avait en Provence une danse vive, tournante, exécutée en couples et agrémentée de sauts qui s&rsquo;appelait la « Volta ». Si la vogue de la Volta tombe en France suite à &hellip; Continuer la lecture de &laquo;&nbsp;Valse viennoise&nbsp;&raquo;
