{"id":412,"date":"2019-05-31T20:08:23","date_gmt":"2019-05-31T18:08:23","guid":{"rendered":"https:\/\/www.elpasodanse.be\/wordpress\/?page_id=412"},"modified":"2019-05-31T20:08:24","modified_gmt":"2019-05-31T18:08:24","slug":"paso-doble","status":"publish","type":"page","link":"https:\/\/www.elpasodanse.be\/wordpress\/paso-doble\/","title":{"rendered":"Paso Doble"},"content":{"rendered":"\n<figure class=\"wp-block-image\"><img loading=\"lazy\" decoding=\"async\" width=\"85\" height=\"126\" src=\"https:\/\/www.elpasodanse.be\/wordpress\/wp-content\/uploads\/2019\/05\/paso.jpg\" alt=\"\" class=\"wp-image-406\"\/><\/figure>\n\n\n\n<p>Le <strong>Paso doble<\/strong>, litt\u00e9ralement \u00ab double pas \u00bb, est n\u00e9 avec la tauromachie Espagnole au d\u00e9but du XVIIIe si\u00e8cle.<\/p>\n\n\n\n<p>Le Paso doble est l&rsquo;une des danses les plus simples \u00e0 apprendre au d\u00e9part.<\/p>\n\n\n\n<p>Le pas de base est en effet un simple pas de marche (le danseur part du pied&nbsp; droit, la danseuse pied gauche en arri\u00e8re).<\/p>\n\n\n\n<p>La tenue du couple est classique, mais pour adopter le style du paso, il ne faut pas oublier que cette danse trouve son inspiration dans les corridas.<\/p>\n\n\n\n<p>Au XVIIe si\u00e8cle l&rsquo;entr\u00e9e des tor\u00e9adors dans l&rsquo;ar\u00e8ne \u00e9tait accompagn\u00e9e d&rsquo;une musique au rythme marqu\u00e9 et au style martial.<br><\/p>\n\n\n\n<p>Le Paso doble symbolise les jeux de l&rsquo;ar\u00e8ne.<br>Le danseur interpr\u00e8te le r\u00f4le du torero et la danseuse, alternativement, celui de la \u00ab mantilla \u00bb, la cape et celui du miroir du torero.<\/p>\n\n\n\n<p>\u00ab\u00a0L&rsquo;habit de lumi\u00e8re\u00a0\u00bb et l&rsquo;attitude macho correspondent bien au cavalier, la robe rouge et l&rsquo;attitude provocante correspondent \u00e0 la cavali\u00e8re.<\/p>\n\n\n\n<p>Influenc\u00e9 par le Flamenco, le caract\u00e8re de cette danse est arrogant et passionn\u00e9.<\/p>\n\n\n\n<p>Le paso-doble passe rapidement les fronti\u00e8res de l&rsquo;Espagne pour se d\u00e9velopper et prendre tout son essor dans le sud de la France d&rsquo;o\u00f9 il conquiert le reste du pays.<br>C&rsquo;est pour cette raison que de nombreuses figures de base portent des noms fran\u00e7ais : \u00ab\u00a0sur place\u00a0\u00bb, \u00ab\u00a0le huit\u00bb, \u00abla cape\u00a0\u00bb, etc. Ce n&rsquo;est que plus tard que la codification a \u00e9t\u00e9 internationalis\u00e9e par les Anglais.<\/p>\n\n\n\n<p>Le Paso doble fait partie des danses de comp\u00e9tition dans la cat\u00e9gorie des danses latines.<\/p>\n","protected":false},"excerpt":{"rendered":"<p>Le Paso doble, litt\u00e9ralement \u00ab double pas \u00bb, est n\u00e9 avec la tauromachie Espagnole au d\u00e9but du XVIIIe si\u00e8cle. Le Paso doble est l&rsquo;une des danses les plus simples \u00e0 apprendre au d\u00e9part. Le pas de base est en effet un simple pas de marche (le danseur part du pied&nbsp; droit, la danseuse pied gauche &hellip; <\/p>\n<p class=\"link-more\"><a href=\"https:\/\/www.elpasodanse.be\/wordpress\/paso-doble\/\" class=\"more-link\">Continuer la lecture<span class=\"screen-reader-text\"> de &laquo;&nbsp;Paso Doble&nbsp;&raquo;<\/span><\/a><\/p>\n","protected":false},"author":1,"featured_media":0,"parent":0,"menu_order":0,"comment_status":"closed","ping_status":"closed","template":"","meta":{"footnotes":""},"class_list":["post-412","page","type-page","status-publish","hentry"],"yoast_head":"<!-- This site is optimized with the Yoast SEO plugin v27.1.1 - https:\/\/yoast.com\/product\/yoast-seo-wordpress\/ -->\n<title>Paso Doble - El Paso<\/title>\n<meta name=\"robots\" content=\"index, follow, max-snippet:-1, max-image-preview:large, max-video-preview:-1\" \/>\n<link rel=\"canonical\" href=\"https:\/\/www.elpasodanse.be\/wordpress\/paso-doble\/\" \/>\n<meta property=\"og:locale\" content=\"fr_FR\" \/>\n<meta property=\"og:type\" content=\"article\" \/>\n<meta property=\"og:title\" content=\"Paso Doble - El Paso\" \/>\n<meta property=\"og:description\" content=\"Le Paso doble, litt\u00e9ralement \u00ab double pas \u00bb, est n\u00e9 avec la tauromachie Espagnole au d\u00e9but du XVIIIe si\u00e8cle. Le Paso doble est l&rsquo;une des danses les plus simples \u00e0 apprendre au d\u00e9part. Le pas de base est en effet un simple pas de marche (le danseur part du pied&nbsp; droit, la danseuse pied gauche &hellip; Continuer la lecture de &laquo;&nbsp;Paso Doble&nbsp;&raquo;\" \/>\n<meta property=\"og:url\" content=\"https:\/\/www.elpasodanse.be\/wordpress\/paso-doble\/\" \/>\n<meta property=\"og:site_name\" content=\"El Paso\" \/>\n<meta property=\"article:modified_time\" content=\"2019-05-31T18:08:24+00:00\" \/>\n<meta property=\"og:image\" content=\"https:\/\/www.elpasodanse.be\/wordpress\/wp-content\/uploads\/2019\/05\/paso.jpg\" \/>\n<meta name=\"twitter:card\" content=\"summary_large_image\" \/>\n<meta name=\"twitter:label1\" content=\"Dur\u00e9e de lecture estim\u00e9e\" \/>\n\t<meta name=\"twitter:data1\" content=\"1 minute\" \/>\n<script type=\"application\/ld+json\" class=\"yoast-schema-graph\">{\"@context\":\"https:\/\/schema.org\",\"@graph\":[{\"@type\":\"WebPage\",\"@id\":\"https:\/\/www.elpasodanse.be\/wordpress\/paso-doble\/\",\"url\":\"https:\/\/www.elpasodanse.be\/wordpress\/paso-doble\/\",\"name\":\"Paso Doble - El Paso\",\"isPartOf\":{\"@id\":\"https:\/\/www.elpasodanse.be\/wordpress\/#website\"},\"primaryImageOfPage\":{\"@id\":\"https:\/\/www.elpasodanse.be\/wordpress\/paso-doble\/#primaryimage\"},\"image\":{\"@id\":\"https:\/\/www.elpasodanse.be\/wordpress\/paso-doble\/#primaryimage\"},\"thumbnailUrl\":\"https:\/\/www.elpasodanse.be\/wordpress\/wp-content\/uploads\/2019\/05\/paso.jpg\",\"datePublished\":\"2019-05-31T18:08:23+00:00\",\"dateModified\":\"2019-05-31T18:08:24+00:00\",\"breadcrumb\":{\"@id\":\"https:\/\/www.elpasodanse.be\/wordpress\/paso-doble\/#breadcrumb\"},\"inLanguage\":\"fr-FR\",\"potentialAction\":[{\"@type\":\"ReadAction\",\"target\":[\"https:\/\/www.elpasodanse.be\/wordpress\/paso-doble\/\"]}]},{\"@type\":\"ImageObject\",\"inLanguage\":\"fr-FR\",\"@id\":\"https:\/\/www.elpasodanse.be\/wordpress\/paso-doble\/#primaryimage\",\"url\":\"https:\/\/www.elpasodanse.be\/wordpress\/wp-content\/uploads\/2019\/05\/paso.jpg\",\"contentUrl\":\"https:\/\/www.elpasodanse.be\/wordpress\/wp-content\/uploads\/2019\/05\/paso.jpg\",\"width\":85,\"height\":126},{\"@type\":\"BreadcrumbList\",\"@id\":\"https:\/\/www.elpasodanse.be\/wordpress\/paso-doble\/#breadcrumb\",\"itemListElement\":[{\"@type\":\"ListItem\",\"position\":1,\"name\":\"Accueil\",\"item\":\"https:\/\/www.elpasodanse.be\/wordpress\/\"},{\"@type\":\"ListItem\",\"position\":2,\"name\":\"Paso Doble\"}]},{\"@type\":\"WebSite\",\"@id\":\"https:\/\/www.elpasodanse.be\/wordpress\/#website\",\"url\":\"https:\/\/www.elpasodanse.be\/wordpress\/\",\"name\":\"El Paso\",\"description\":\"Ecole de danse\",\"publisher\":{\"@id\":\"https:\/\/www.elpasodanse.be\/wordpress\/#organization\"},\"potentialAction\":[{\"@type\":\"SearchAction\",\"target\":{\"@type\":\"EntryPoint\",\"urlTemplate\":\"https:\/\/www.elpasodanse.be\/wordpress\/?s={search_term_string}\"},\"query-input\":{\"@type\":\"PropertyValueSpecification\",\"valueRequired\":true,\"valueName\":\"search_term_string\"}}],\"inLanguage\":\"fr-FR\"},{\"@type\":\"Organization\",\"@id\":\"https:\/\/www.elpasodanse.be\/wordpress\/#organization\",\"name\":\"El Paso\",\"url\":\"https:\/\/www.elpasodanse.be\/wordpress\/\",\"logo\":{\"@type\":\"ImageObject\",\"inLanguage\":\"fr-FR\",\"@id\":\"https:\/\/www.elpasodanse.be\/wordpress\/#\/schema\/logo\/image\/\",\"url\":\"https:\/\/www.elpasodanse.be\/wordpress\/wp-content\/uploads\/2019\/04\/cropped-logosite2.png\",\"contentUrl\":\"https:\/\/www.elpasodanse.be\/wordpress\/wp-content\/uploads\/2019\/04\/cropped-logosite2.png\",\"width\":180,\"height\":250,\"caption\":\"El Paso\"},\"image\":{\"@id\":\"https:\/\/www.elpasodanse.be\/wordpress\/#\/schema\/logo\/image\/\"}}]}<\/script>\n<!-- \/ Yoast SEO plugin. -->","yoast_head_json":{"title":"Paso Doble - El Paso","robots":{"index":"index","follow":"follow","max-snippet":"max-snippet:-1","max-image-preview":"max-image-preview:large","max-video-preview":"max-video-preview:-1"},"canonical":"https:\/\/www.elpasodanse.be\/wordpress\/paso-doble\/","og_locale":"fr_FR","og_type":"article","og_title":"Paso Doble - El Paso","og_description":"Le Paso doble, litt\u00e9ralement \u00ab double pas \u00bb, est n\u00e9 avec la tauromachie Espagnole au d\u00e9but du XVIIIe si\u00e8cle. Le Paso doble est l&rsquo;une des danses les plus simples \u00e0 apprendre au d\u00e9part. Le pas de base est en effet un simple pas de marche (le danseur part du pied&nbsp; droit, la danseuse pied gauche &hellip; Continuer la lecture de &laquo;&nbsp;Paso Doble&nbsp;&raquo;","og_url":"https:\/\/www.elpasodanse.be\/wordpress\/paso-doble\/","og_site_name":"El Paso","article_modified_time":"2019-05-31T18:08:24+00:00","og_image":[{"url":"https:\/\/www.elpasodanse.be\/wordpress\/wp-content\/uploads\/2019\/05\/paso.jpg","type":"","width":"","height":""}],"twitter_card":"summary_large_image","twitter_misc":{"Dur\u00e9e de lecture estim\u00e9e":"1 minute"},"schema":{"@context":"https:\/\/schema.org","@graph":[{"@type":"WebPage","@id":"https:\/\/www.elpasodanse.be\/wordpress\/paso-doble\/","url":"https:\/\/www.elpasodanse.be\/wordpress\/paso-doble\/","name":"Paso Doble - El Paso","isPartOf":{"@id":"https:\/\/www.elpasodanse.be\/wordpress\/#website"},"primaryImageOfPage":{"@id":"https:\/\/www.elpasodanse.be\/wordpress\/paso-doble\/#primaryimage"},"image":{"@id":"https:\/\/www.elpasodanse.be\/wordpress\/paso-doble\/#primaryimage"},"thumbnailUrl":"https:\/\/www.elpasodanse.be\/wordpress\/wp-content\/uploads\/2019\/05\/paso.jpg","datePublished":"2019-05-31T18:08:23+00:00","dateModified":"2019-05-31T18:08:24+00:00","breadcrumb":{"@id":"https:\/\/www.elpasodanse.be\/wordpress\/paso-doble\/#breadcrumb"},"inLanguage":"fr-FR","potentialAction":[{"@type":"ReadAction","target":["https:\/\/www.elpasodanse.be\/wordpress\/paso-doble\/"]}]},{"@type":"ImageObject","inLanguage":"fr-FR","@id":"https:\/\/www.elpasodanse.be\/wordpress\/paso-doble\/#primaryimage","url":"https:\/\/www.elpasodanse.be\/wordpress\/wp-content\/uploads\/2019\/05\/paso.jpg","contentUrl":"https:\/\/www.elpasodanse.be\/wordpress\/wp-content\/uploads\/2019\/05\/paso.jpg","width":85,"height":126},{"@type":"BreadcrumbList","@id":"https:\/\/www.elpasodanse.be\/wordpress\/paso-doble\/#breadcrumb","itemListElement":[{"@type":"ListItem","position":1,"name":"Accueil","item":"https:\/\/www.elpasodanse.be\/wordpress\/"},{"@type":"ListItem","position":2,"name":"Paso Doble"}]},{"@type":"WebSite","@id":"https:\/\/www.elpasodanse.be\/wordpress\/#website","url":"https:\/\/www.elpasodanse.be\/wordpress\/","name":"El Paso","description":"Ecole de danse","publisher":{"@id":"https:\/\/www.elpasodanse.be\/wordpress\/#organization"},"potentialAction":[{"@type":"SearchAction","target":{"@type":"EntryPoint","urlTemplate":"https:\/\/www.elpasodanse.be\/wordpress\/?s={search_term_string}"},"query-input":{"@type":"PropertyValueSpecification","valueRequired":true,"valueName":"search_term_string"}}],"inLanguage":"fr-FR"},{"@type":"Organization","@id":"https:\/\/www.elpasodanse.be\/wordpress\/#organization","name":"El Paso","url":"https:\/\/www.elpasodanse.be\/wordpress\/","logo":{"@type":"ImageObject","inLanguage":"fr-FR","@id":"https:\/\/www.elpasodanse.be\/wordpress\/#\/schema\/logo\/image\/","url":"https:\/\/www.elpasodanse.be\/wordpress\/wp-content\/uploads\/2019\/04\/cropped-logosite2.png","contentUrl":"https:\/\/www.elpasodanse.be\/wordpress\/wp-content\/uploads\/2019\/04\/cropped-logosite2.png","width":180,"height":250,"caption":"El Paso"},"image":{"@id":"https:\/\/www.elpasodanse.be\/wordpress\/#\/schema\/logo\/image\/"}}]}},"_links":{"self":[{"href":"https:\/\/www.elpasodanse.be\/wordpress\/wp-json\/wp\/v2\/pages\/412","targetHints":{"allow":["GET"]}}],"collection":[{"href":"https:\/\/www.elpasodanse.be\/wordpress\/wp-json\/wp\/v2\/pages"}],"about":[{"href":"https:\/\/www.elpasodanse.be\/wordpress\/wp-json\/wp\/v2\/types\/page"}],"author":[{"embeddable":true,"href":"https:\/\/www.elpasodanse.be\/wordpress\/wp-json\/wp\/v2\/users\/1"}],"replies":[{"embeddable":true,"href":"https:\/\/www.elpasodanse.be\/wordpress\/wp-json\/wp\/v2\/comments?post=412"}],"version-history":[{"count":1,"href":"https:\/\/www.elpasodanse.be\/wordpress\/wp-json\/wp\/v2\/pages\/412\/revisions"}],"predecessor-version":[{"id":413,"href":"https:\/\/www.elpasodanse.be\/wordpress\/wp-json\/wp\/v2\/pages\/412\/revisions\/413"}],"wp:attachment":[{"href":"https:\/\/www.elpasodanse.be\/wordpress\/wp-json\/wp\/v2\/media?parent=412"}],"curies":[{"name":"wp","href":"https:\/\/api.w.org\/{rel}","templated":true}]}}