{"id":418,"date":"2019-05-31T20:11:00","date_gmt":"2019-05-31T18:11:00","guid":{"rendered":"https:\/\/www.elpasodanse.be\/wordpress\/?page_id=418"},"modified":"2019-10-28T16:11:31","modified_gmt":"2019-10-28T15:11:31","slug":"cha-cha-2","status":"publish","type":"page","link":"https:\/\/www.elpasodanse.be\/wordpress\/cha-cha-2\/","title":{"rendered":"Cha-Cha"},"content":{"rendered":"\n<figure class=\"wp-block-image\"><img loading=\"lazy\" decoding=\"async\" width=\"111\" height=\"114\" src=\"https:\/\/www.elpasodanse.be\/wordpress\/wp-content\/uploads\/2019\/05\/cha-cha.png\" alt=\"\" class=\"wp-image-409\"\/><\/figure>\n\n\n\n<p>Danse latine tr\u00e8s proche de la Salsa, le <strong>Cha-cha<\/strong> est originaire de Cuba.\u00a0<br>Il faut remonter en 1940 pour en trouver les origines.\u00a0C&rsquo;est une des premi\u00e8res danses cubaine \u00e0 avoir connu un grand succ\u00e8s en Occident.\u00a0<br><\/p>\n\n\n\n<p>Le genre musical est invent\u00e9 en 1954 par le violoniste cubain Enrique Jorrin.<\/p>\n\n\n\n<p>Le mot \u00abcha-cha-cha\u00bb, d\u00e9signant la danse, provient du son produit par le frottement des pieds des danseurs sur le sol.<\/p>\n\n\n\n<p>Le cha-cha-cha, \u00e0 son origine, \u00e9tait appel\u00e9 triple mambo. Il succ\u00e8de \u00e0 la mode du mambo, mais devra affronter la concurrence du rock&rsquo;n&rsquo;roll, de la bossa nova en 1958, ensuite de la pachanga en 1960.<\/p>\n\n\n\n<p>Le cha-cha-cha fait partie des danses de comp\u00e9tition dans la cat\u00e9gorie des danses latines.<\/p>\n\n\n\n<p>C&rsquo;est une danse joyeuse et insouciante, tr\u00e8s amusante \u00e0 pratiquer. Son pas de base est assez simple mais il autorise un grand \u00e9ventail de figures originales.<\/p>\n\n\n\n<p>Des personnages c\u00e9l\u00e8bres comme Perez Prado, Tito Puente ou Harry Belafonte ont particip\u00e9 \u00e0 la diffusion du Cha-cha dans le monde entier.<\/p>\n","protected":false},"excerpt":{"rendered":"<p>Danse latine tr\u00e8s proche de la Salsa, le Cha-cha est originaire de Cuba.\u00a0Il faut remonter en 1940 pour en trouver les origines.\u00a0C&rsquo;est une des premi\u00e8res danses cubaine \u00e0 avoir connu un grand succ\u00e8s en Occident.\u00a0 Le genre musical est invent\u00e9 en 1954 par le violoniste cubain Enrique Jorrin. Le mot \u00abcha-cha-cha\u00bb, d\u00e9signant la danse, provient &hellip; <\/p>\n<p class=\"link-more\"><a href=\"https:\/\/www.elpasodanse.be\/wordpress\/cha-cha-2\/\" class=\"more-link\">Continuer la lecture<span class=\"screen-reader-text\"> de &laquo;&nbsp;Cha-Cha&nbsp;&raquo;<\/span><\/a><\/p>\n","protected":false},"author":1,"featured_media":0,"parent":0,"menu_order":0,"comment_status":"closed","ping_status":"closed","template":"","meta":{"footnotes":""},"class_list":["post-418","page","type-page","status-publish","hentry"],"yoast_head":"<!-- This site is optimized with the Yoast SEO plugin v27.1.1 - https:\/\/yoast.com\/product\/yoast-seo-wordpress\/ -->\n<title>Cha-Cha - El Paso<\/title>\n<meta name=\"robots\" content=\"index, follow, max-snippet:-1, max-image-preview:large, max-video-preview:-1\" \/>\n<link rel=\"canonical\" href=\"https:\/\/www.elpasodanse.be\/wordpress\/cha-cha-2\/\" \/>\n<meta property=\"og:locale\" content=\"fr_FR\" \/>\n<meta property=\"og:type\" content=\"article\" \/>\n<meta property=\"og:title\" content=\"Cha-Cha - El Paso\" \/>\n<meta property=\"og:description\" content=\"Danse latine tr\u00e8s proche de la Salsa, le Cha-cha est originaire de Cuba.\u00a0Il faut remonter en 1940 pour en trouver les origines.\u00a0C&rsquo;est une des premi\u00e8res danses cubaine \u00e0 avoir connu un grand succ\u00e8s en Occident.\u00a0 Le genre musical est invent\u00e9 en 1954 par le violoniste cubain Enrique Jorrin. Le mot \u00abcha-cha-cha\u00bb, d\u00e9signant la danse, provient &hellip; Continuer la lecture de &laquo;&nbsp;Cha-Cha&nbsp;&raquo;\" \/>\n<meta property=\"og:url\" content=\"https:\/\/www.elpasodanse.be\/wordpress\/cha-cha-2\/\" \/>\n<meta property=\"og:site_name\" content=\"El Paso\" \/>\n<meta property=\"article:modified_time\" content=\"2019-10-28T15:11:31+00:00\" \/>\n<meta property=\"og:image\" content=\"https:\/\/www.elpasodanse.be\/wordpress\/wp-content\/uploads\/2019\/05\/cha-cha.png\" \/>\n<meta name=\"twitter:card\" content=\"summary_large_image\" \/>\n<meta name=\"twitter:label1\" content=\"Dur\u00e9e de lecture estim\u00e9e\" \/>\n\t<meta name=\"twitter:data1\" content=\"1 minute\" \/>\n<script type=\"application\/ld+json\" class=\"yoast-schema-graph\">{\"@context\":\"https:\/\/schema.org\",\"@graph\":[{\"@type\":\"WebPage\",\"@id\":\"https:\/\/www.elpasodanse.be\/wordpress\/cha-cha-2\/\",\"url\":\"https:\/\/www.elpasodanse.be\/wordpress\/cha-cha-2\/\",\"name\":\"Cha-Cha - El Paso\",\"isPartOf\":{\"@id\":\"https:\/\/www.elpasodanse.be\/wordpress\/#website\"},\"primaryImageOfPage\":{\"@id\":\"https:\/\/www.elpasodanse.be\/wordpress\/cha-cha-2\/#primaryimage\"},\"image\":{\"@id\":\"https:\/\/www.elpasodanse.be\/wordpress\/cha-cha-2\/#primaryimage\"},\"thumbnailUrl\":\"https:\/\/www.elpasodanse.be\/wordpress\/wp-content\/uploads\/2019\/05\/cha-cha.png\",\"datePublished\":\"2019-05-31T18:11:00+00:00\",\"dateModified\":\"2019-10-28T15:11:31+00:00\",\"breadcrumb\":{\"@id\":\"https:\/\/www.elpasodanse.be\/wordpress\/cha-cha-2\/#breadcrumb\"},\"inLanguage\":\"fr-FR\",\"potentialAction\":[{\"@type\":\"ReadAction\",\"target\":[\"https:\/\/www.elpasodanse.be\/wordpress\/cha-cha-2\/\"]}]},{\"@type\":\"ImageObject\",\"inLanguage\":\"fr-FR\",\"@id\":\"https:\/\/www.elpasodanse.be\/wordpress\/cha-cha-2\/#primaryimage\",\"url\":\"https:\/\/www.elpasodanse.be\/wordpress\/wp-content\/uploads\/2019\/05\/cha-cha.png\",\"contentUrl\":\"https:\/\/www.elpasodanse.be\/wordpress\/wp-content\/uploads\/2019\/05\/cha-cha.png\",\"width\":111,\"height\":114},{\"@type\":\"BreadcrumbList\",\"@id\":\"https:\/\/www.elpasodanse.be\/wordpress\/cha-cha-2\/#breadcrumb\",\"itemListElement\":[{\"@type\":\"ListItem\",\"position\":1,\"name\":\"Accueil\",\"item\":\"https:\/\/www.elpasodanse.be\/wordpress\/\"},{\"@type\":\"ListItem\",\"position\":2,\"name\":\"Cha-Cha\"}]},{\"@type\":\"WebSite\",\"@id\":\"https:\/\/www.elpasodanse.be\/wordpress\/#website\",\"url\":\"https:\/\/www.elpasodanse.be\/wordpress\/\",\"name\":\"El Paso\",\"description\":\"Ecole de danse\",\"publisher\":{\"@id\":\"https:\/\/www.elpasodanse.be\/wordpress\/#organization\"},\"potentialAction\":[{\"@type\":\"SearchAction\",\"target\":{\"@type\":\"EntryPoint\",\"urlTemplate\":\"https:\/\/www.elpasodanse.be\/wordpress\/?s={search_term_string}\"},\"query-input\":{\"@type\":\"PropertyValueSpecification\",\"valueRequired\":true,\"valueName\":\"search_term_string\"}}],\"inLanguage\":\"fr-FR\"},{\"@type\":\"Organization\",\"@id\":\"https:\/\/www.elpasodanse.be\/wordpress\/#organization\",\"name\":\"El Paso\",\"url\":\"https:\/\/www.elpasodanse.be\/wordpress\/\",\"logo\":{\"@type\":\"ImageObject\",\"inLanguage\":\"fr-FR\",\"@id\":\"https:\/\/www.elpasodanse.be\/wordpress\/#\/schema\/logo\/image\/\",\"url\":\"https:\/\/www.elpasodanse.be\/wordpress\/wp-content\/uploads\/2019\/04\/cropped-logosite2.png\",\"contentUrl\":\"https:\/\/www.elpasodanse.be\/wordpress\/wp-content\/uploads\/2019\/04\/cropped-logosite2.png\",\"width\":180,\"height\":250,\"caption\":\"El Paso\"},\"image\":{\"@id\":\"https:\/\/www.elpasodanse.be\/wordpress\/#\/schema\/logo\/image\/\"}}]}<\/script>\n<!-- \/ Yoast SEO plugin. -->","yoast_head_json":{"title":"Cha-Cha - El Paso","robots":{"index":"index","follow":"follow","max-snippet":"max-snippet:-1","max-image-preview":"max-image-preview:large","max-video-preview":"max-video-preview:-1"},"canonical":"https:\/\/www.elpasodanse.be\/wordpress\/cha-cha-2\/","og_locale":"fr_FR","og_type":"article","og_title":"Cha-Cha - El Paso","og_description":"Danse latine tr\u00e8s proche de la Salsa, le Cha-cha est originaire de Cuba.\u00a0Il faut remonter en 1940 pour en trouver les origines.\u00a0C&rsquo;est une des premi\u00e8res danses cubaine \u00e0 avoir connu un grand succ\u00e8s en Occident.\u00a0 Le genre musical est invent\u00e9 en 1954 par le violoniste cubain Enrique Jorrin. Le mot \u00abcha-cha-cha\u00bb, d\u00e9signant la danse, provient &hellip; Continuer la lecture de &laquo;&nbsp;Cha-Cha&nbsp;&raquo;","og_url":"https:\/\/www.elpasodanse.be\/wordpress\/cha-cha-2\/","og_site_name":"El Paso","article_modified_time":"2019-10-28T15:11:31+00:00","og_image":[{"url":"https:\/\/www.elpasodanse.be\/wordpress\/wp-content\/uploads\/2019\/05\/cha-cha.png","type":"","width":"","height":""}],"twitter_card":"summary_large_image","twitter_misc":{"Dur\u00e9e de lecture estim\u00e9e":"1 minute"},"schema":{"@context":"https:\/\/schema.org","@graph":[{"@type":"WebPage","@id":"https:\/\/www.elpasodanse.be\/wordpress\/cha-cha-2\/","url":"https:\/\/www.elpasodanse.be\/wordpress\/cha-cha-2\/","name":"Cha-Cha - El Paso","isPartOf":{"@id":"https:\/\/www.elpasodanse.be\/wordpress\/#website"},"primaryImageOfPage":{"@id":"https:\/\/www.elpasodanse.be\/wordpress\/cha-cha-2\/#primaryimage"},"image":{"@id":"https:\/\/www.elpasodanse.be\/wordpress\/cha-cha-2\/#primaryimage"},"thumbnailUrl":"https:\/\/www.elpasodanse.be\/wordpress\/wp-content\/uploads\/2019\/05\/cha-cha.png","datePublished":"2019-05-31T18:11:00+00:00","dateModified":"2019-10-28T15:11:31+00:00","breadcrumb":{"@id":"https:\/\/www.elpasodanse.be\/wordpress\/cha-cha-2\/#breadcrumb"},"inLanguage":"fr-FR","potentialAction":[{"@type":"ReadAction","target":["https:\/\/www.elpasodanse.be\/wordpress\/cha-cha-2\/"]}]},{"@type":"ImageObject","inLanguage":"fr-FR","@id":"https:\/\/www.elpasodanse.be\/wordpress\/cha-cha-2\/#primaryimage","url":"https:\/\/www.elpasodanse.be\/wordpress\/wp-content\/uploads\/2019\/05\/cha-cha.png","contentUrl":"https:\/\/www.elpasodanse.be\/wordpress\/wp-content\/uploads\/2019\/05\/cha-cha.png","width":111,"height":114},{"@type":"BreadcrumbList","@id":"https:\/\/www.elpasodanse.be\/wordpress\/cha-cha-2\/#breadcrumb","itemListElement":[{"@type":"ListItem","position":1,"name":"Accueil","item":"https:\/\/www.elpasodanse.be\/wordpress\/"},{"@type":"ListItem","position":2,"name":"Cha-Cha"}]},{"@type":"WebSite","@id":"https:\/\/www.elpasodanse.be\/wordpress\/#website","url":"https:\/\/www.elpasodanse.be\/wordpress\/","name":"El Paso","description":"Ecole de danse","publisher":{"@id":"https:\/\/www.elpasodanse.be\/wordpress\/#organization"},"potentialAction":[{"@type":"SearchAction","target":{"@type":"EntryPoint","urlTemplate":"https:\/\/www.elpasodanse.be\/wordpress\/?s={search_term_string}"},"query-input":{"@type":"PropertyValueSpecification","valueRequired":true,"valueName":"search_term_string"}}],"inLanguage":"fr-FR"},{"@type":"Organization","@id":"https:\/\/www.elpasodanse.be\/wordpress\/#organization","name":"El Paso","url":"https:\/\/www.elpasodanse.be\/wordpress\/","logo":{"@type":"ImageObject","inLanguage":"fr-FR","@id":"https:\/\/www.elpasodanse.be\/wordpress\/#\/schema\/logo\/image\/","url":"https:\/\/www.elpasodanse.be\/wordpress\/wp-content\/uploads\/2019\/04\/cropped-logosite2.png","contentUrl":"https:\/\/www.elpasodanse.be\/wordpress\/wp-content\/uploads\/2019\/04\/cropped-logosite2.png","width":180,"height":250,"caption":"El Paso"},"image":{"@id":"https:\/\/www.elpasodanse.be\/wordpress\/#\/schema\/logo\/image\/"}}]}},"_links":{"self":[{"href":"https:\/\/www.elpasodanse.be\/wordpress\/wp-json\/wp\/v2\/pages\/418","targetHints":{"allow":["GET"]}}],"collection":[{"href":"https:\/\/www.elpasodanse.be\/wordpress\/wp-json\/wp\/v2\/pages"}],"about":[{"href":"https:\/\/www.elpasodanse.be\/wordpress\/wp-json\/wp\/v2\/types\/page"}],"author":[{"embeddable":true,"href":"https:\/\/www.elpasodanse.be\/wordpress\/wp-json\/wp\/v2\/users\/1"}],"replies":[{"embeddable":true,"href":"https:\/\/www.elpasodanse.be\/wordpress\/wp-json\/wp\/v2\/comments?post=418"}],"version-history":[{"count":1,"href":"https:\/\/www.elpasodanse.be\/wordpress\/wp-json\/wp\/v2\/pages\/418\/revisions"}],"predecessor-version":[{"id":419,"href":"https:\/\/www.elpasodanse.be\/wordpress\/wp-json\/wp\/v2\/pages\/418\/revisions\/419"}],"wp:attachment":[{"href":"https:\/\/www.elpasodanse.be\/wordpress\/wp-json\/wp\/v2\/media?parent=418"}],"curies":[{"name":"wp","href":"https:\/\/api.w.org\/{rel}","templated":true}]}}