{"id":430,"date":"2019-05-31T20:20:32","date_gmt":"2019-05-31T18:20:32","guid":{"rendered":"https:\/\/www.elpasodanse.be\/wordpress\/?page_id=430"},"modified":"2024-02-04T11:46:43","modified_gmt":"2024-02-04T10:46:43","slug":"cha-cha-cubain-2","status":"publish","type":"page","link":"https:\/\/www.elpasodanse.be\/wordpress\/cha-cha-cubain-2\/","title":{"rendered":"Cha-Cha Cubain"},"content":{"rendered":"\n<figure class=\"wp-block-image size-full\"><img loading=\"lazy\" decoding=\"async\" width=\"183\" height=\"275\" src=\"https:\/\/www.elpasodanse.be\/wordpress\/wp-content\/uploads\/2024\/02\/cha-cha-cubain.jpg\" alt=\"\" class=\"wp-image-1298\"\/><\/figure>\n\n\n\n<p>D&rsquo;origine afro-cubaine, le <strong>Cha-cha Cubain<\/strong> est issu de la Rumba cubaine et du Mambo mexicain.<\/p>\n\n\n\n<p>Il est rapidement devenu populaire par sa simplicit\u00e9 et son originalit\u00e9.<\/p>\n\n\n\n<p>Cette danse se diffusa tr\u00e8s vite du continent am\u00e9ricain vers l&rsquo;Europe.&nbsp;<br>Vif, all\u00e8gre et joyeux, le Cha cha semble avoir \u00e9t\u00e9 invent\u00e9 pour mettre en valeur le couple de danseurs.<\/p>\n\n\n\n<p>En 1955, le cha-cha se danse \u00e0 deux, face \u00e0 face, sans contact et avec une bonne dose d&rsquo;improvisation. Plus tard, la danse est codifi\u00e9e par des professeurs de danse anglais en tant que danse de couple avec contact.<\/p>\n\n\n\n<p>Aujourd&rsquo;hui, le cha-cha, tel qu&rsquo;il est dans\u00e9 dans les danses de salon, se dissocie des autres danses issues du folklore cubain. Si les figures de base sont tr\u00e8s similaires \u00e0 celles de la rumba, son a\u00een\u00e9e, il permet de r\u00e9aliser des figures tr\u00e8s caract\u00e9ristiques.<\/p>\n\n\n\n<p>Actuellement, dans le monde de la salsa, on voit le cha-cha pointer \u00e0 nouveau son nez et ce sous une forme plus proche de ses origines.<\/p>\n\n\n\n<p>On le red\u00e9couvre, g\u00e9n\u00e9ralement, dans le cours \u00ab\u00a0Latino\u00a0\u00bb des \u00e9coles de danse.<\/p>\n","protected":false},"excerpt":{"rendered":"<p>D&rsquo;origine afro-cubaine, le Cha-cha Cubain est issu de la Rumba cubaine et du Mambo mexicain. Il est rapidement devenu populaire par sa simplicit\u00e9 et son originalit\u00e9. Cette danse se diffusa tr\u00e8s vite du continent am\u00e9ricain vers l&rsquo;Europe.&nbsp;Vif, all\u00e8gre et joyeux, le Cha cha semble avoir \u00e9t\u00e9 invent\u00e9 pour mettre en valeur le couple de danseurs. &hellip; <\/p>\n<p class=\"link-more\"><a href=\"https:\/\/www.elpasodanse.be\/wordpress\/cha-cha-cubain-2\/\" class=\"more-link\">Continuer la lecture<span class=\"screen-reader-text\"> de &laquo;&nbsp;Cha-Cha Cubain&nbsp;&raquo;<\/span><\/a><\/p>\n","protected":false},"author":1,"featured_media":0,"parent":0,"menu_order":0,"comment_status":"closed","ping_status":"closed","template":"","meta":{"footnotes":""},"class_list":["post-430","page","type-page","status-publish","hentry"],"yoast_head":"<!-- This site is optimized with the Yoast SEO plugin v27.1.1 - https:\/\/yoast.com\/product\/yoast-seo-wordpress\/ -->\n<title>Cha-Cha Cubain - El Paso<\/title>\n<meta name=\"robots\" content=\"index, follow, max-snippet:-1, max-image-preview:large, max-video-preview:-1\" \/>\n<link rel=\"canonical\" href=\"https:\/\/www.elpasodanse.be\/wordpress\/cha-cha-cubain-2\/\" \/>\n<meta property=\"og:locale\" content=\"fr_FR\" \/>\n<meta property=\"og:type\" content=\"article\" \/>\n<meta property=\"og:title\" content=\"Cha-Cha Cubain - El Paso\" \/>\n<meta property=\"og:description\" content=\"D&rsquo;origine afro-cubaine, le Cha-cha Cubain est issu de la Rumba cubaine et du Mambo mexicain. Il est rapidement devenu populaire par sa simplicit\u00e9 et son originalit\u00e9. Cette danse se diffusa tr\u00e8s vite du continent am\u00e9ricain vers l&rsquo;Europe.&nbsp;Vif, all\u00e8gre et joyeux, le Cha cha semble avoir \u00e9t\u00e9 invent\u00e9 pour mettre en valeur le couple de danseurs. &hellip; Continuer la lecture de &laquo;&nbsp;Cha-Cha Cubain&nbsp;&raquo;\" \/>\n<meta property=\"og:url\" content=\"https:\/\/www.elpasodanse.be\/wordpress\/cha-cha-cubain-2\/\" \/>\n<meta property=\"og:site_name\" content=\"El Paso\" \/>\n<meta property=\"article:modified_time\" content=\"2024-02-04T10:46:43+00:00\" \/>\n<meta property=\"og:image\" content=\"https:\/\/www.elpasodanse.be\/wordpress\/wp-content\/uploads\/2024\/02\/cha-cha-cubain.jpg\" \/>\n<meta name=\"twitter:card\" content=\"summary_large_image\" \/>\n<meta name=\"twitter:label1\" content=\"Dur\u00e9e de lecture estim\u00e9e\" \/>\n\t<meta name=\"twitter:data1\" content=\"2 minutes\" \/>\n<script type=\"application\/ld+json\" class=\"yoast-schema-graph\">{\"@context\":\"https:\/\/schema.org\",\"@graph\":[{\"@type\":\"WebPage\",\"@id\":\"https:\/\/www.elpasodanse.be\/wordpress\/cha-cha-cubain-2\/\",\"url\":\"https:\/\/www.elpasodanse.be\/wordpress\/cha-cha-cubain-2\/\",\"name\":\"Cha-Cha Cubain - El Paso\",\"isPartOf\":{\"@id\":\"https:\/\/www.elpasodanse.be\/wordpress\/#website\"},\"primaryImageOfPage\":{\"@id\":\"https:\/\/www.elpasodanse.be\/wordpress\/cha-cha-cubain-2\/#primaryimage\"},\"image\":{\"@id\":\"https:\/\/www.elpasodanse.be\/wordpress\/cha-cha-cubain-2\/#primaryimage\"},\"thumbnailUrl\":\"https:\/\/www.elpasodanse.be\/wordpress\/wp-content\/uploads\/2024\/02\/cha-cha-cubain.jpg\",\"datePublished\":\"2019-05-31T18:20:32+00:00\",\"dateModified\":\"2024-02-04T10:46:43+00:00\",\"breadcrumb\":{\"@id\":\"https:\/\/www.elpasodanse.be\/wordpress\/cha-cha-cubain-2\/#breadcrumb\"},\"inLanguage\":\"fr-FR\",\"potentialAction\":[{\"@type\":\"ReadAction\",\"target\":[\"https:\/\/www.elpasodanse.be\/wordpress\/cha-cha-cubain-2\/\"]}]},{\"@type\":\"ImageObject\",\"inLanguage\":\"fr-FR\",\"@id\":\"https:\/\/www.elpasodanse.be\/wordpress\/cha-cha-cubain-2\/#primaryimage\",\"url\":\"https:\/\/www.elpasodanse.be\/wordpress\/wp-content\/uploads\/2024\/02\/cha-cha-cubain.jpg\",\"contentUrl\":\"https:\/\/www.elpasodanse.be\/wordpress\/wp-content\/uploads\/2024\/02\/cha-cha-cubain.jpg\",\"width\":183,\"height\":275},{\"@type\":\"BreadcrumbList\",\"@id\":\"https:\/\/www.elpasodanse.be\/wordpress\/cha-cha-cubain-2\/#breadcrumb\",\"itemListElement\":[{\"@type\":\"ListItem\",\"position\":1,\"name\":\"Accueil\",\"item\":\"https:\/\/www.elpasodanse.be\/wordpress\/\"},{\"@type\":\"ListItem\",\"position\":2,\"name\":\"Cha-Cha Cubain\"}]},{\"@type\":\"WebSite\",\"@id\":\"https:\/\/www.elpasodanse.be\/wordpress\/#website\",\"url\":\"https:\/\/www.elpasodanse.be\/wordpress\/\",\"name\":\"El Paso\",\"description\":\"Ecole de danse\",\"publisher\":{\"@id\":\"https:\/\/www.elpasodanse.be\/wordpress\/#organization\"},\"potentialAction\":[{\"@type\":\"SearchAction\",\"target\":{\"@type\":\"EntryPoint\",\"urlTemplate\":\"https:\/\/www.elpasodanse.be\/wordpress\/?s={search_term_string}\"},\"query-input\":{\"@type\":\"PropertyValueSpecification\",\"valueRequired\":true,\"valueName\":\"search_term_string\"}}],\"inLanguage\":\"fr-FR\"},{\"@type\":\"Organization\",\"@id\":\"https:\/\/www.elpasodanse.be\/wordpress\/#organization\",\"name\":\"El Paso\",\"url\":\"https:\/\/www.elpasodanse.be\/wordpress\/\",\"logo\":{\"@type\":\"ImageObject\",\"inLanguage\":\"fr-FR\",\"@id\":\"https:\/\/www.elpasodanse.be\/wordpress\/#\/schema\/logo\/image\/\",\"url\":\"https:\/\/www.elpasodanse.be\/wordpress\/wp-content\/uploads\/2019\/04\/cropped-logosite2.png\",\"contentUrl\":\"https:\/\/www.elpasodanse.be\/wordpress\/wp-content\/uploads\/2019\/04\/cropped-logosite2.png\",\"width\":180,\"height\":250,\"caption\":\"El Paso\"},\"image\":{\"@id\":\"https:\/\/www.elpasodanse.be\/wordpress\/#\/schema\/logo\/image\/\"}}]}<\/script>\n<!-- \/ Yoast SEO plugin. -->","yoast_head_json":{"title":"Cha-Cha Cubain - El Paso","robots":{"index":"index","follow":"follow","max-snippet":"max-snippet:-1","max-image-preview":"max-image-preview:large","max-video-preview":"max-video-preview:-1"},"canonical":"https:\/\/www.elpasodanse.be\/wordpress\/cha-cha-cubain-2\/","og_locale":"fr_FR","og_type":"article","og_title":"Cha-Cha Cubain - El Paso","og_description":"D&rsquo;origine afro-cubaine, le Cha-cha Cubain est issu de la Rumba cubaine et du Mambo mexicain. Il est rapidement devenu populaire par sa simplicit\u00e9 et son originalit\u00e9. Cette danse se diffusa tr\u00e8s vite du continent am\u00e9ricain vers l&rsquo;Europe.&nbsp;Vif, all\u00e8gre et joyeux, le Cha cha semble avoir \u00e9t\u00e9 invent\u00e9 pour mettre en valeur le couple de danseurs. &hellip; Continuer la lecture de &laquo;&nbsp;Cha-Cha Cubain&nbsp;&raquo;","og_url":"https:\/\/www.elpasodanse.be\/wordpress\/cha-cha-cubain-2\/","og_site_name":"El Paso","article_modified_time":"2024-02-04T10:46:43+00:00","og_image":[{"url":"https:\/\/www.elpasodanse.be\/wordpress\/wp-content\/uploads\/2024\/02\/cha-cha-cubain.jpg","type":"","width":"","height":""}],"twitter_card":"summary_large_image","twitter_misc":{"Dur\u00e9e de lecture estim\u00e9e":"2 minutes"},"schema":{"@context":"https:\/\/schema.org","@graph":[{"@type":"WebPage","@id":"https:\/\/www.elpasodanse.be\/wordpress\/cha-cha-cubain-2\/","url":"https:\/\/www.elpasodanse.be\/wordpress\/cha-cha-cubain-2\/","name":"Cha-Cha Cubain - El Paso","isPartOf":{"@id":"https:\/\/www.elpasodanse.be\/wordpress\/#website"},"primaryImageOfPage":{"@id":"https:\/\/www.elpasodanse.be\/wordpress\/cha-cha-cubain-2\/#primaryimage"},"image":{"@id":"https:\/\/www.elpasodanse.be\/wordpress\/cha-cha-cubain-2\/#primaryimage"},"thumbnailUrl":"https:\/\/www.elpasodanse.be\/wordpress\/wp-content\/uploads\/2024\/02\/cha-cha-cubain.jpg","datePublished":"2019-05-31T18:20:32+00:00","dateModified":"2024-02-04T10:46:43+00:00","breadcrumb":{"@id":"https:\/\/www.elpasodanse.be\/wordpress\/cha-cha-cubain-2\/#breadcrumb"},"inLanguage":"fr-FR","potentialAction":[{"@type":"ReadAction","target":["https:\/\/www.elpasodanse.be\/wordpress\/cha-cha-cubain-2\/"]}]},{"@type":"ImageObject","inLanguage":"fr-FR","@id":"https:\/\/www.elpasodanse.be\/wordpress\/cha-cha-cubain-2\/#primaryimage","url":"https:\/\/www.elpasodanse.be\/wordpress\/wp-content\/uploads\/2024\/02\/cha-cha-cubain.jpg","contentUrl":"https:\/\/www.elpasodanse.be\/wordpress\/wp-content\/uploads\/2024\/02\/cha-cha-cubain.jpg","width":183,"height":275},{"@type":"BreadcrumbList","@id":"https:\/\/www.elpasodanse.be\/wordpress\/cha-cha-cubain-2\/#breadcrumb","itemListElement":[{"@type":"ListItem","position":1,"name":"Accueil","item":"https:\/\/www.elpasodanse.be\/wordpress\/"},{"@type":"ListItem","position":2,"name":"Cha-Cha Cubain"}]},{"@type":"WebSite","@id":"https:\/\/www.elpasodanse.be\/wordpress\/#website","url":"https:\/\/www.elpasodanse.be\/wordpress\/","name":"El Paso","description":"Ecole de danse","publisher":{"@id":"https:\/\/www.elpasodanse.be\/wordpress\/#organization"},"potentialAction":[{"@type":"SearchAction","target":{"@type":"EntryPoint","urlTemplate":"https:\/\/www.elpasodanse.be\/wordpress\/?s={search_term_string}"},"query-input":{"@type":"PropertyValueSpecification","valueRequired":true,"valueName":"search_term_string"}}],"inLanguage":"fr-FR"},{"@type":"Organization","@id":"https:\/\/www.elpasodanse.be\/wordpress\/#organization","name":"El Paso","url":"https:\/\/www.elpasodanse.be\/wordpress\/","logo":{"@type":"ImageObject","inLanguage":"fr-FR","@id":"https:\/\/www.elpasodanse.be\/wordpress\/#\/schema\/logo\/image\/","url":"https:\/\/www.elpasodanse.be\/wordpress\/wp-content\/uploads\/2019\/04\/cropped-logosite2.png","contentUrl":"https:\/\/www.elpasodanse.be\/wordpress\/wp-content\/uploads\/2019\/04\/cropped-logosite2.png","width":180,"height":250,"caption":"El Paso"},"image":{"@id":"https:\/\/www.elpasodanse.be\/wordpress\/#\/schema\/logo\/image\/"}}]}},"_links":{"self":[{"href":"https:\/\/www.elpasodanse.be\/wordpress\/wp-json\/wp\/v2\/pages\/430","targetHints":{"allow":["GET"]}}],"collection":[{"href":"https:\/\/www.elpasodanse.be\/wordpress\/wp-json\/wp\/v2\/pages"}],"about":[{"href":"https:\/\/www.elpasodanse.be\/wordpress\/wp-json\/wp\/v2\/types\/page"}],"author":[{"embeddable":true,"href":"https:\/\/www.elpasodanse.be\/wordpress\/wp-json\/wp\/v2\/users\/1"}],"replies":[{"embeddable":true,"href":"https:\/\/www.elpasodanse.be\/wordpress\/wp-json\/wp\/v2\/comments?post=430"}],"version-history":[{"count":2,"href":"https:\/\/www.elpasodanse.be\/wordpress\/wp-json\/wp\/v2\/pages\/430\/revisions"}],"predecessor-version":[{"id":1299,"href":"https:\/\/www.elpasodanse.be\/wordpress\/wp-json\/wp\/v2\/pages\/430\/revisions\/1299"}],"wp:attachment":[{"href":"https:\/\/www.elpasodanse.be\/wordpress\/wp-json\/wp\/v2\/media?parent=430"}],"curies":[{"name":"wp","href":"https:\/\/api.w.org\/{rel}","templated":true}]}}

<figure class="wp-block-image size-full"><img loading="lazy" decoding="async" width="183" height="275" src="https://www.elpasodanse.be/wordpress/wp-content/uploads/2024/02/cha-cha-cubain.jpg" alt="" class="wp-image-1298"/></figure>



<p>D&rsquo;origine afro-cubaine, le <strong>Cha-cha Cubain</strong> est issu de la Rumba cubaine et du Mambo mexicain.</p>



<p>Il est rapidement devenu populaire par sa simplicité et son originalité.</p>



<p>Cette danse se diffusa très vite du continent américain vers l&rsquo;Europe.&nbsp;<br>Vif, allègre et joyeux, le Cha cha semble avoir été inventé pour mettre en valeur le couple de danseurs.</p>



<p>En 1955, le cha-cha se danse à deux, face à face, sans contact et avec une bonne dose d&rsquo;improvisation. Plus tard, la danse est codifiée par des professeurs de danse anglais en tant que danse de couple avec contact.</p>



<p>Aujourd&rsquo;hui, le cha-cha, tel qu&rsquo;il est dansé dans les danses de salon, se dissocie des autres danses issues du folklore cubain. Si les figures de base sont très similaires à celles de la rumba, son aînée, il permet de réaliser des figures très caractéristiques.</p>



<p>Actuellement, dans le monde de la salsa, on voit le cha-cha pointer à nouveau son nez et ce sous une forme plus proche de ses origines.</p>



<p>On le redécouvre, généralement, dans le cours « Latino » des écoles de danse.</p>

<p>D&rsquo;origine afro-cubaine, le Cha-cha Cubain est issu de la Rumba cubaine et du Mambo mexicain. Il est rapidement devenu populaire par sa simplicité et son originalité. Cette danse se diffusa très vite du continent américain vers l&rsquo;Europe.&nbsp;Vif, allègre et joyeux, le Cha cha semble avoir été inventé pour mettre en valeur le couple de danseurs. &hellip; </p>
<p class="link-more"><a href="https://www.elpasodanse.be/wordpress/cha-cha-cubain-2/" class="more-link">Continuer la lecture<span class="screen-reader-text"> de &laquo;&nbsp;Cha-Cha Cubain&nbsp;&raquo;</span></a></p>

<!-- This site is optimized with the Yoast SEO plugin v27.1.1 - https://yoast.com/product/yoast-seo-wordpress/ -->
<title>Cha-Cha Cubain - El Paso</title>
<meta name="robots" content="index, follow, max-snippet:-1, max-image-preview:large, max-video-preview:-1" />
<link rel="canonical" href="https://www.elpasodanse.be/wordpress/cha-cha-cubain-2/" />
<meta property="og:locale" content="fr_FR" />
<meta property="og:type" content="article" />
<meta property="og:title" content="Cha-Cha Cubain - El Paso" />
<meta property="og:description" content="D&rsquo;origine afro-cubaine, le Cha-cha Cubain est issu de la Rumba cubaine et du Mambo mexicain. Il est rapidement devenu populaire par sa simplicité et son originalité. Cette danse se diffusa très vite du continent américain vers l&rsquo;Europe.&nbsp;Vif, allègre et joyeux, le Cha cha semble avoir été inventé pour mettre en valeur le couple de danseurs. &hellip; Continuer la lecture de &laquo;&nbsp;Cha-Cha Cubain&nbsp;&raquo;" />
<meta property="og:url" content="https://www.elpasodanse.be/wordpress/cha-cha-cubain-2/" />
<meta property="og:site_name" content="El Paso" />
<meta property="article:modified_time" content="2024-02-04T10:46:43+00:00" />
<meta property="og:image" content="https://www.elpasodanse.be/wordpress/wp-content/uploads/2024/02/cha-cha-cubain.jpg" />
<meta name="twitter:card" content="summary_large_image" />
<meta name="twitter:label1" content="Durée de lecture estimée" />
	<meta name="twitter:data1" content="2 minutes" />
<script type="application/ld+json" class="yoast-schema-graph">{"@context":"https://schema.org","@graph":[{"@type":"WebPage","@id":"https://www.elpasodanse.be/wordpress/cha-cha-cubain-2/","url":"https://www.elpasodanse.be/wordpress/cha-cha-cubain-2/","name":"Cha-Cha Cubain - El Paso","isPartOf":{"@id":"https://www.elpasodanse.be/wordpress/#website"},"primaryImageOfPage":{"@id":"https://www.elpasodanse.be/wordpress/cha-cha-cubain-2/#primaryimage"},"image":{"@id":"https://www.elpasodanse.be/wordpress/cha-cha-cubain-2/#primaryimage"},"thumbnailUrl":"https://www.elpasodanse.be/wordpress/wp-content/uploads/2024/02/cha-cha-cubain.jpg","datePublished":"2019-05-31T18:20:32+00:00","dateModified":"2024-02-04T10:46:43+00:00","breadcrumb":{"@id":"https://www.elpasodanse.be/wordpress/cha-cha-cubain-2/#breadcrumb"},"inLanguage":"fr-FR","potentialAction":[{"@type":"ReadAction","target":["https://www.elpasodanse.be/wordpress/cha-cha-cubain-2/"]}]},{"@type":"ImageObject","inLanguage":"fr-FR","@id":"https://www.elpasodanse.be/wordpress/cha-cha-cubain-2/#primaryimage","url":"https://www.elpasodanse.be/wordpress/wp-content/uploads/2024/02/cha-cha-cubain.jpg","contentUrl":"https://www.elpasodanse.be/wordpress/wp-content/uploads/2024/02/cha-cha-cubain.jpg","width":183,"height":275},{"@type":"BreadcrumbList","@id":"https://www.elpasodanse.be/wordpress/cha-cha-cubain-2/#breadcrumb","itemListElement":[{"@type":"ListItem","position":1,"name":"Accueil","item":"https://www.elpasodanse.be/wordpress/"},{"@type":"ListItem","position":2,"name":"Cha-Cha Cubain"}]},{"@type":"WebSite","@id":"https://www.elpasodanse.be/wordpress/#website","url":"https://www.elpasodanse.be/wordpress/","name":"El Paso","description":"Ecole de danse","publisher":{"@id":"https://www.elpasodanse.be/wordpress/#organization"},"potentialAction":[{"@type":"SearchAction","target":{"@type":"EntryPoint","urlTemplate":"https://www.elpasodanse.be/wordpress/?s={search_term_string}"},"query-input":{"@type":"PropertyValueSpecification","valueRequired":true,"valueName":"search_term_string"}}],"inLanguage":"fr-FR"},{"@type":"Organization","@id":"https://www.elpasodanse.be/wordpress/#organization","name":"El Paso","url":"https://www.elpasodanse.be/wordpress/","logo":{"@type":"ImageObject","inLanguage":"fr-FR","@id":"https://www.elpasodanse.be/wordpress/#/schema/logo/image/","url":"https://www.elpasodanse.be/wordpress/wp-content/uploads/2019/04/cropped-logosite2.png","contentUrl":"https://www.elpasodanse.be/wordpress/wp-content/uploads/2019/04/cropped-logosite2.png","width":180,"height":250,"caption":"El Paso"},"image":{"@id":"https://www.elpasodanse.be/wordpress/#/schema/logo/image/"}}]}</script>
<!-- / Yoast SEO plugin. -->

D&rsquo;origine afro-cubaine, le Cha-cha Cubain est issu de la Rumba cubaine et du Mambo mexicain. Il est rapidement devenu populaire par sa simplicité et son originalité. Cette danse se diffusa très vite du continent américain vers l&rsquo;Europe.&nbsp;Vif, allègre et joyeux, le Cha cha semble avoir été inventé pour mettre en valeur le couple de danseurs. &hellip; Continuer la lecture de &laquo;&nbsp;Cha-Cha Cubain&nbsp;&raquo;
