{"id":432,"date":"2019-05-31T20:21:45","date_gmt":"2019-05-31T18:21:45","guid":{"rendered":"https:\/\/www.elpasodanse.be\/wordpress\/?page_id=432"},"modified":"2019-05-31T20:21:46","modified_gmt":"2019-05-31T18:21:46","slug":"rueda-de-casino","status":"publish","type":"page","link":"https:\/\/www.elpasodanse.be\/wordpress\/rueda-de-casino\/","title":{"rendered":"Rueda de Casino"},"content":{"rendered":"\n<figure class=\"wp-block-image\"><img loading=\"lazy\" decoding=\"async\" width=\"213\" height=\"160\" src=\"https:\/\/www.elpasodanse.be\/wordpress\/wp-content\/uploads\/2019\/05\/rueda.jpg\" alt=\"\" class=\"wp-image-428\"\/><\/figure>\n\n\n\n<p>La salsa en \u00ab\u00a0<strong>Rueda de Casino<\/strong>\u00a0\u00bb est une danse\u00a0synchronis\u00e9e de groupe avec un constant changement\u00a0de partenaires.<\/p>\n\n\n\n<p>Entre 1950 et 1956, dans les casinos cubains, na\u00eet une nouvelle mani\u00e8re de danser le \u00ab&nbsp;son&nbsp;\u00bb, dans le temps et non plus en contretemps&nbsp;: le \u00ab&nbsp;Casino&nbsp;\u00bb, plus tard appel\u00e9 \u00ab&nbsp;Salsa&nbsp;\u00bb.<\/p>\n\n\n\n<p>S\u2019inspirant de danseurs de rue qui pratiquaient la Rueda (mot espagnol signifiant roue), les danseurs de \u00ab&nbsp;Casino&nbsp;\u00bb vont inventer la \u00ab&nbsp;Rueda de Casino&nbsp;\u00bb. Un nombre illimit\u00e9 de couples dansent en cercle, un meneur annonce les passes ou les changements de partenaires. Les appels des figures se succ\u00e8dent rapidement produisant une dynamique excitante parmi les danseurs et un effet visuel spectaculaire.<\/p>\n\n\n\n<p>La plupart des figures dans\u00e9es dans la Rueda peuvent tout aussi bien l\u2019\u00eatre par un seul couple. Cette propri\u00e9t\u00e9 fait de la Rueda un excellent moyen d\u2019apprendre et d\u2019exercer une multitude de chor\u00e9graphies. Elle offre en outre l\u2019avantage de forcer les \u00e9changes de partenaires, indispensables \u00e0 l\u2019apprentissage de toute danse de couple, \u00e9preuve que certains \u00e9l\u00e8ves sont si r\u00e9ticents \u00e0 s\u2019imposer.<\/p>\n\n\n\n<p>A lire&nbsp;: le livre de Barbara Balbuena \u00ab&nbsp;El Casino Y La Salsa en Cuba&nbsp;\u00bb.<\/p>\n","protected":false},"excerpt":{"rendered":"<p>La salsa en \u00ab\u00a0Rueda de Casino\u00a0\u00bb est une danse\u00a0synchronis\u00e9e de groupe avec un constant changement\u00a0de partenaires. Entre 1950 et 1956, dans les casinos cubains, na\u00eet une nouvelle mani\u00e8re de danser le \u00ab&nbsp;son&nbsp;\u00bb, dans le temps et non plus en contretemps&nbsp;: le \u00ab&nbsp;Casino&nbsp;\u00bb, plus tard appel\u00e9 \u00ab&nbsp;Salsa&nbsp;\u00bb. S\u2019inspirant de danseurs de rue qui pratiquaient la Rueda &hellip; <\/p>\n<p class=\"link-more\"><a href=\"https:\/\/www.elpasodanse.be\/wordpress\/rueda-de-casino\/\" class=\"more-link\">Continuer la lecture<span class=\"screen-reader-text\"> de &laquo;&nbsp;Rueda de Casino&nbsp;&raquo;<\/span><\/a><\/p>\n","protected":false},"author":1,"featured_media":0,"parent":0,"menu_order":0,"comment_status":"closed","ping_status":"closed","template":"","meta":{"footnotes":""},"class_list":["post-432","page","type-page","status-publish","hentry"],"yoast_head":"<!-- This site is optimized with the Yoast SEO plugin v27.1.1 - https:\/\/yoast.com\/product\/yoast-seo-wordpress\/ -->\n<title>Rueda de Casino - El Paso<\/title>\n<meta name=\"robots\" content=\"index, follow, max-snippet:-1, max-image-preview:large, max-video-preview:-1\" \/>\n<link rel=\"canonical\" href=\"https:\/\/www.elpasodanse.be\/wordpress\/rueda-de-casino\/\" \/>\n<meta property=\"og:locale\" content=\"fr_FR\" \/>\n<meta property=\"og:type\" content=\"article\" \/>\n<meta property=\"og:title\" content=\"Rueda de Casino - El Paso\" \/>\n<meta property=\"og:description\" content=\"La salsa en \u00ab\u00a0Rueda de Casino\u00a0\u00bb est une danse\u00a0synchronis\u00e9e de groupe avec un constant changement\u00a0de partenaires. Entre 1950 et 1956, dans les casinos cubains, na\u00eet une nouvelle mani\u00e8re de danser le \u00ab&nbsp;son&nbsp;\u00bb, dans le temps et non plus en contretemps&nbsp;: le \u00ab&nbsp;Casino&nbsp;\u00bb, plus tard appel\u00e9 \u00ab&nbsp;Salsa&nbsp;\u00bb. S\u2019inspirant de danseurs de rue qui pratiquaient la Rueda &hellip; Continuer la lecture de &laquo;&nbsp;Rueda de Casino&nbsp;&raquo;\" \/>\n<meta property=\"og:url\" content=\"https:\/\/www.elpasodanse.be\/wordpress\/rueda-de-casino\/\" \/>\n<meta property=\"og:site_name\" content=\"El Paso\" \/>\n<meta property=\"article:modified_time\" content=\"2019-05-31T18:21:46+00:00\" \/>\n<meta property=\"og:image\" content=\"https:\/\/www.elpasodanse.be\/wordpress\/wp-content\/uploads\/2019\/05\/rueda.jpg\" \/>\n<meta name=\"twitter:card\" content=\"summary_large_image\" \/>\n<meta name=\"twitter:label1\" content=\"Dur\u00e9e de lecture estim\u00e9e\" \/>\n\t<meta name=\"twitter:data1\" content=\"1 minute\" \/>\n<script type=\"application\/ld+json\" class=\"yoast-schema-graph\">{\"@context\":\"https:\/\/schema.org\",\"@graph\":[{\"@type\":\"WebPage\",\"@id\":\"https:\/\/www.elpasodanse.be\/wordpress\/rueda-de-casino\/\",\"url\":\"https:\/\/www.elpasodanse.be\/wordpress\/rueda-de-casino\/\",\"name\":\"Rueda de Casino - El Paso\",\"isPartOf\":{\"@id\":\"https:\/\/www.elpasodanse.be\/wordpress\/#website\"},\"primaryImageOfPage\":{\"@id\":\"https:\/\/www.elpasodanse.be\/wordpress\/rueda-de-casino\/#primaryimage\"},\"image\":{\"@id\":\"https:\/\/www.elpasodanse.be\/wordpress\/rueda-de-casino\/#primaryimage\"},\"thumbnailUrl\":\"https:\/\/www.elpasodanse.be\/wordpress\/wp-content\/uploads\/2019\/05\/rueda.jpg\",\"datePublished\":\"2019-05-31T18:21:45+00:00\",\"dateModified\":\"2019-05-31T18:21:46+00:00\",\"breadcrumb\":{\"@id\":\"https:\/\/www.elpasodanse.be\/wordpress\/rueda-de-casino\/#breadcrumb\"},\"inLanguage\":\"fr-FR\",\"potentialAction\":[{\"@type\":\"ReadAction\",\"target\":[\"https:\/\/www.elpasodanse.be\/wordpress\/rueda-de-casino\/\"]}]},{\"@type\":\"ImageObject\",\"inLanguage\":\"fr-FR\",\"@id\":\"https:\/\/www.elpasodanse.be\/wordpress\/rueda-de-casino\/#primaryimage\",\"url\":\"https:\/\/www.elpasodanse.be\/wordpress\/wp-content\/uploads\/2019\/05\/rueda.jpg\",\"contentUrl\":\"https:\/\/www.elpasodanse.be\/wordpress\/wp-content\/uploads\/2019\/05\/rueda.jpg\",\"width\":213,\"height\":160},{\"@type\":\"BreadcrumbList\",\"@id\":\"https:\/\/www.elpasodanse.be\/wordpress\/rueda-de-casino\/#breadcrumb\",\"itemListElement\":[{\"@type\":\"ListItem\",\"position\":1,\"name\":\"Accueil\",\"item\":\"https:\/\/www.elpasodanse.be\/wordpress\/\"},{\"@type\":\"ListItem\",\"position\":2,\"name\":\"Rueda de Casino\"}]},{\"@type\":\"WebSite\",\"@id\":\"https:\/\/www.elpasodanse.be\/wordpress\/#website\",\"url\":\"https:\/\/www.elpasodanse.be\/wordpress\/\",\"name\":\"El Paso\",\"description\":\"Ecole de danse\",\"publisher\":{\"@id\":\"https:\/\/www.elpasodanse.be\/wordpress\/#organization\"},\"potentialAction\":[{\"@type\":\"SearchAction\",\"target\":{\"@type\":\"EntryPoint\",\"urlTemplate\":\"https:\/\/www.elpasodanse.be\/wordpress\/?s={search_term_string}\"},\"query-input\":{\"@type\":\"PropertyValueSpecification\",\"valueRequired\":true,\"valueName\":\"search_term_string\"}}],\"inLanguage\":\"fr-FR\"},{\"@type\":\"Organization\",\"@id\":\"https:\/\/www.elpasodanse.be\/wordpress\/#organization\",\"name\":\"El Paso\",\"url\":\"https:\/\/www.elpasodanse.be\/wordpress\/\",\"logo\":{\"@type\":\"ImageObject\",\"inLanguage\":\"fr-FR\",\"@id\":\"https:\/\/www.elpasodanse.be\/wordpress\/#\/schema\/logo\/image\/\",\"url\":\"https:\/\/www.elpasodanse.be\/wordpress\/wp-content\/uploads\/2019\/04\/cropped-logosite2.png\",\"contentUrl\":\"https:\/\/www.elpasodanse.be\/wordpress\/wp-content\/uploads\/2019\/04\/cropped-logosite2.png\",\"width\":180,\"height\":250,\"caption\":\"El Paso\"},\"image\":{\"@id\":\"https:\/\/www.elpasodanse.be\/wordpress\/#\/schema\/logo\/image\/\"}}]}<\/script>\n<!-- \/ Yoast SEO plugin. -->","yoast_head_json":{"title":"Rueda de Casino - El Paso","robots":{"index":"index","follow":"follow","max-snippet":"max-snippet:-1","max-image-preview":"max-image-preview:large","max-video-preview":"max-video-preview:-1"},"canonical":"https:\/\/www.elpasodanse.be\/wordpress\/rueda-de-casino\/","og_locale":"fr_FR","og_type":"article","og_title":"Rueda de Casino - El Paso","og_description":"La salsa en \u00ab\u00a0Rueda de Casino\u00a0\u00bb est une danse\u00a0synchronis\u00e9e de groupe avec un constant changement\u00a0de partenaires. Entre 1950 et 1956, dans les casinos cubains, na\u00eet une nouvelle mani\u00e8re de danser le \u00ab&nbsp;son&nbsp;\u00bb, dans le temps et non plus en contretemps&nbsp;: le \u00ab&nbsp;Casino&nbsp;\u00bb, plus tard appel\u00e9 \u00ab&nbsp;Salsa&nbsp;\u00bb. S\u2019inspirant de danseurs de rue qui pratiquaient la Rueda &hellip; Continuer la lecture de &laquo;&nbsp;Rueda de Casino&nbsp;&raquo;","og_url":"https:\/\/www.elpasodanse.be\/wordpress\/rueda-de-casino\/","og_site_name":"El Paso","article_modified_time":"2019-05-31T18:21:46+00:00","og_image":[{"url":"https:\/\/www.elpasodanse.be\/wordpress\/wp-content\/uploads\/2019\/05\/rueda.jpg","type":"","width":"","height":""}],"twitter_card":"summary_large_image","twitter_misc":{"Dur\u00e9e de lecture estim\u00e9e":"1 minute"},"schema":{"@context":"https:\/\/schema.org","@graph":[{"@type":"WebPage","@id":"https:\/\/www.elpasodanse.be\/wordpress\/rueda-de-casino\/","url":"https:\/\/www.elpasodanse.be\/wordpress\/rueda-de-casino\/","name":"Rueda de Casino - El Paso","isPartOf":{"@id":"https:\/\/www.elpasodanse.be\/wordpress\/#website"},"primaryImageOfPage":{"@id":"https:\/\/www.elpasodanse.be\/wordpress\/rueda-de-casino\/#primaryimage"},"image":{"@id":"https:\/\/www.elpasodanse.be\/wordpress\/rueda-de-casino\/#primaryimage"},"thumbnailUrl":"https:\/\/www.elpasodanse.be\/wordpress\/wp-content\/uploads\/2019\/05\/rueda.jpg","datePublished":"2019-05-31T18:21:45+00:00","dateModified":"2019-05-31T18:21:46+00:00","breadcrumb":{"@id":"https:\/\/www.elpasodanse.be\/wordpress\/rueda-de-casino\/#breadcrumb"},"inLanguage":"fr-FR","potentialAction":[{"@type":"ReadAction","target":["https:\/\/www.elpasodanse.be\/wordpress\/rueda-de-casino\/"]}]},{"@type":"ImageObject","inLanguage":"fr-FR","@id":"https:\/\/www.elpasodanse.be\/wordpress\/rueda-de-casino\/#primaryimage","url":"https:\/\/www.elpasodanse.be\/wordpress\/wp-content\/uploads\/2019\/05\/rueda.jpg","contentUrl":"https:\/\/www.elpasodanse.be\/wordpress\/wp-content\/uploads\/2019\/05\/rueda.jpg","width":213,"height":160},{"@type":"BreadcrumbList","@id":"https:\/\/www.elpasodanse.be\/wordpress\/rueda-de-casino\/#breadcrumb","itemListElement":[{"@type":"ListItem","position":1,"name":"Accueil","item":"https:\/\/www.elpasodanse.be\/wordpress\/"},{"@type":"ListItem","position":2,"name":"Rueda de Casino"}]},{"@type":"WebSite","@id":"https:\/\/www.elpasodanse.be\/wordpress\/#website","url":"https:\/\/www.elpasodanse.be\/wordpress\/","name":"El Paso","description":"Ecole de danse","publisher":{"@id":"https:\/\/www.elpasodanse.be\/wordpress\/#organization"},"potentialAction":[{"@type":"SearchAction","target":{"@type":"EntryPoint","urlTemplate":"https:\/\/www.elpasodanse.be\/wordpress\/?s={search_term_string}"},"query-input":{"@type":"PropertyValueSpecification","valueRequired":true,"valueName":"search_term_string"}}],"inLanguage":"fr-FR"},{"@type":"Organization","@id":"https:\/\/www.elpasodanse.be\/wordpress\/#organization","name":"El Paso","url":"https:\/\/www.elpasodanse.be\/wordpress\/","logo":{"@type":"ImageObject","inLanguage":"fr-FR","@id":"https:\/\/www.elpasodanse.be\/wordpress\/#\/schema\/logo\/image\/","url":"https:\/\/www.elpasodanse.be\/wordpress\/wp-content\/uploads\/2019\/04\/cropped-logosite2.png","contentUrl":"https:\/\/www.elpasodanse.be\/wordpress\/wp-content\/uploads\/2019\/04\/cropped-logosite2.png","width":180,"height":250,"caption":"El Paso"},"image":{"@id":"https:\/\/www.elpasodanse.be\/wordpress\/#\/schema\/logo\/image\/"}}]}},"_links":{"self":[{"href":"https:\/\/www.elpasodanse.be\/wordpress\/wp-json\/wp\/v2\/pages\/432","targetHints":{"allow":["GET"]}}],"collection":[{"href":"https:\/\/www.elpasodanse.be\/wordpress\/wp-json\/wp\/v2\/pages"}],"about":[{"href":"https:\/\/www.elpasodanse.be\/wordpress\/wp-json\/wp\/v2\/types\/page"}],"author":[{"embeddable":true,"href":"https:\/\/www.elpasodanse.be\/wordpress\/wp-json\/wp\/v2\/users\/1"}],"replies":[{"embeddable":true,"href":"https:\/\/www.elpasodanse.be\/wordpress\/wp-json\/wp\/v2\/comments?post=432"}],"version-history":[{"count":1,"href":"https:\/\/www.elpasodanse.be\/wordpress\/wp-json\/wp\/v2\/pages\/432\/revisions"}],"predecessor-version":[{"id":433,"href":"https:\/\/www.elpasodanse.be\/wordpress\/wp-json\/wp\/v2\/pages\/432\/revisions\/433"}],"wp:attachment":[{"href":"https:\/\/www.elpasodanse.be\/wordpress\/wp-json\/wp\/v2\/media?parent=432"}],"curies":[{"name":"wp","href":"https:\/\/api.w.org\/{rel}","templated":true}]}}